{"id":507,"date":"2016-11-17T07:57:16","date_gmt":"2016-11-17T03:57:16","guid":{"rendered":"http:\/\/cecitech.com\/wp\/?post_type=product&#038;p=507"},"modified":"2023-04-28T06:27:11","modified_gmt":"2023-04-28T11:27:11","slug":"focus-40-blue","status":"publish","type":"product","link":"https:\/\/cecitech.com\/?product=focus-40-blue","title":{"rendered":"Focus 40 Blue"},"content":{"rendered":"<h1 class=\"mttl\">Vue d&rsquo;ensemble<\/h1>\r\nConnectez-vous facilement \u00e0 vos appareils iOS et Android\u2122 tels que t\u00e9l\u00e9phones intelligents, iPads\u00ae, tablettes, et autres appareils mobiles. Combinez le Focus 40 Blue avec JAWS\u00ae pour le meilleur acc\u00e8s audio et Braille pour votre ordinateur.\r\n\r\nUtilisez le Focus 40 Blue avec JAWS\u00ae BrailleIn\u2122 pour entrer en Braille abr\u00e9g\u00e9, passer aux modes d\u2019affichage Ligne ou Structur\u00e9 ou pour utiliser toutes les commandes de votre clavier et \u00eatre en parfait contr\u00f4le de votre ordinateur. Le confort et la r\u00e9ponse d\u2019action du clavier de type Perkins permettent des heures d\u2019entr\u00e9e de texte Braille sans effort.\r\n<h1 class=\"mttl\">Fonctionnalit\u00e9s<\/h1>\r\n<ul class=\"lst_product\">\r\n \t<li>40 cellules Braille<\/li>\r\n \t<li>Clavier Braille \u00e0 8 points<\/li>\r\n \t<li>Sensation au toucher semblable au papier<\/li>\r\n \t<li>Boutons pratiques \u00e0 utiliser avec les pouces et boutons pour image panoramique<\/li>\r\n \t<li>Les boutons \u00e0 bascule NAV exclusifs permettent de naviguer rapidement par ligne, phrase, paragraphe ou de voir tout le document<\/li>\r\n \t<li>Bouton \u00e0 r\u00e9p\u00e9tition ajustable pour d\u00e9placement et mode panoramique rapide<\/li>\r\n \t<li>Ajustez la fermet\u00e9 des points Braille selon vos pr\u00e9f\u00e9rences avec VariBraille<\/li>\r\n<\/ul>\r\n<p class=\"ssttl\">Fonctions de compatibilit\u00e9 et de connectivit\u00e9<\/p>\r\n\r\n<ul class=\"lst_product\">\r\n \t<li>Bluetooth 2.0 et connectivit\u00e9 USB 2.0 \u2013 permettant d\u2019alterner entre deux appareils connect\u00e9s<\/li>\r\n \t<li>Compatible d\u00e8s la r\u00e9ception avec les appareils Android et iOS tels qu\u2019iPhone\u00ae et iPad<\/li>\r\n \t<li>Utilisez avec JAWS pour un acc\u00e8s combin\u00e9 audio et Braille<\/li>\r\n \t<li>Utilisez avec JAWS pour apprendre ou enseigner le Braille avec Braille Study Mode<\/li>\r\n \t<li>Fonctionne avec JAWS BrailleIn\u2122 pour une entr\u00e9e Braille abr\u00e9g\u00e9 dans Windows\u00ae<\/li>\r\n \t<li>Fonctionne avec Talks et Mobile Speak<\/li>\r\n<\/ul>\r\n<h1 class=\"mttl\">T\u00e9l\u00e9chargements<\/h1>\r\n<h4 class=\"mttl\">T\u00e9l\u00e9chargement disponible:<\/h4>\r\n<ul class=\"lst_product\">\r\n \t<li>\r\n<h3><span style=\"color: #3366ff;\"><a style=\"color: #3366ff;\" href=\"http:\/\/www.freedomscientific.com\/Content\/Documents\/Manuals\/Focus\/Focus40Blue\/Focus40-Blue-Users-Guide.pdf\">Focus 40 Blue Manuel d\u2019utilisation<\/a><\/span><\/h3>\r\n<\/li>\r\n<\/ul>","protected":false},"excerpt":{"rendered":"<h1>Le Focus 40 Blue<\/h1>\r\n<h4>Sans-fil combine les derni\u00e8res technologies Braille, un clavier simple d\u2019utilisation et une disposition id\u00e9ale des commandes, ainsi qu\u2019une connectivit\u00e9 USB et Bluetooth dans un appareil l\u00e9ger et compact.<\/h4>","protected":false},"featured_media":505,"comment_status":"closed","ping_status":"closed","template":"","meta":[],"product_brand":[],"product_cat":[32,30],"product_tag":[],"class_list":{"0":"post-507","1":"product","2":"type-product","3":"status-publish","4":"has-post-thumbnail","6":"product_cat-afficheur-braille","7":"product_cat-cecite","9":"first","10":"instock","11":"taxable","12":"shipping-taxable","13":"product-type-simple"},"_links":{"self":[{"href":"https:\/\/cecitech.com\/index.php?rest_route=\/wp\/v2\/product\/507","targetHints":{"allow":["GET"]}}],"collection":[{"href":"https:\/\/cecitech.com\/index.php?rest_route=\/wp\/v2\/product"}],"about":[{"href":"https:\/\/cecitech.com\/index.php?rest_route=\/wp\/v2\/types\/product"}],"replies":[{"embeddable":true,"href":"https:\/\/cecitech.com\/index.php?rest_route=%2Fwp%2Fv2%2Fcomments&post=507"}],"wp:featuredmedia":[{"embeddable":true,"href":"https:\/\/cecitech.com\/index.php?rest_route=\/wp\/v2\/media\/505"}],"wp:attachment":[{"href":"https:\/\/cecitech.com\/index.php?rest_route=%2Fwp%2Fv2%2Fmedia&parent=507"}],"wp:term":[{"taxonomy":"product_brand","embeddable":true,"href":"https:\/\/cecitech.com\/index.php?rest_route=%2Fwp%2Fv2%2Fproduct_brand&post=507"},{"taxonomy":"product_cat","embeddable":true,"href":"https:\/\/cecitech.com\/index.php?rest_route=%2Fwp%2Fv2%2Fproduct_cat&post=507"},{"taxonomy":"product_tag","embeddable":true,"href":"https:\/\/cecitech.com\/index.php?rest_route=%2Fwp%2Fv2%2Fproduct_tag&post=507"}],"curies":[{"name":"wp","href":"https:\/\/api.w.org\/{rel}","templated":true}]}}