{"id":389,"date":"2016-11-11T02:52:39","date_gmt":"2016-11-10T22:52:39","guid":{"rendered":"http:\/\/cecitech.com\/wp\/?post_type=product&#038;p=389"},"modified":"2023-05-30T09:31:44","modified_gmt":"2023-05-30T14:31:44","slug":"detecteur-de-lumiere","status":"publish","type":"product","link":"https:\/\/cecitech.com\/?product=detecteur-de-lumiere","title":{"rendered":"D\u00e9tecteur de lumi\u00e8re"},"content":{"rendered":"<h1 class=\"mttl\">Fonctionnalit\u00e9s<\/h1>\r\nD&rsquo;un simple appui sur le bouton il d\u00e9tecte la luminosit\u00e9 et \u00e9met un signal sonore.\r\n\r\nLe signal sonore \u00e9mit est diff\u00e9rent selon qu&rsquo;il s&rsquo;agit d&rsquo;une lumi\u00e8re naturelle ou artificielle. Plus l&rsquo;intensit\u00e9 lumineuse est importante, plus la fr\u00e9quence du signal est \u00e9lev\u00e9e.\r\n\r\nUtilis\u00e9 \u00e0 l&rsquo;ext\u00e9rieur (lumi\u00e8re naturelle), le d\u00e9tecteur de lumi\u00e8re \u00e9met un son diff\u00e9rent quand il est orient\u00e9 vers une surface vitr\u00e9e.\r\n\r\nPour \u00e9viter une utilisation involontaire, le bouton est prot\u00e9g\u00e9 par une trappe coulissante.\r\n<h1 class=\"mttl\">Caract\u00e9ristiques techniques<\/h1>\r\n<ul class=\"lst_product\">\r\n \t<li>Alimentation : pile A 23 12 V<\/li>\r\n \t<li>Dimensions (LxPxH) : 38 x 62 x 20 mm<\/li>\r\n \t<li>Poids : 30 g<\/li>\r\n<\/ul>","protected":false},"excerpt":{"rendered":"<h1>D\u00e9tecteur de lumi\u00e8re<\/h1>\r\n<h3>D&rsquo;un simple appui sur le bouton il d\u00e9tecte la luminosit\u00e9 et \u00e9met un signal sonore.<\/h3>","protected":false},"featured_media":390,"comment_status":"closed","ping_status":"closed","template":"","meta":[],"product_brand":[],"product_cat":[52],"product_tag":[],"class_list":{"0":"post-389","1":"product","2":"type-product","3":"status-publish","4":"has-post-thumbnail","6":"product_cat-vie-quotidienne","8":"first","9":"instock","10":"taxable","11":"shipping-taxable","12":"product-type-simple"},"_links":{"self":[{"href":"https:\/\/cecitech.com\/index.php?rest_route=\/wp\/v2\/product\/389","targetHints":{"allow":["GET"]}}],"collection":[{"href":"https:\/\/cecitech.com\/index.php?rest_route=\/wp\/v2\/product"}],"about":[{"href":"https:\/\/cecitech.com\/index.php?rest_route=\/wp\/v2\/types\/product"}],"replies":[{"embeddable":true,"href":"https:\/\/cecitech.com\/index.php?rest_route=%2Fwp%2Fv2%2Fcomments&post=389"}],"wp:featuredmedia":[{"embeddable":true,"href":"https:\/\/cecitech.com\/index.php?rest_route=\/wp\/v2\/media\/390"}],"wp:attachment":[{"href":"https:\/\/cecitech.com\/index.php?rest_route=%2Fwp%2Fv2%2Fmedia&parent=389"}],"wp:term":[{"taxonomy":"product_brand","embeddable":true,"href":"https:\/\/cecitech.com\/index.php?rest_route=%2Fwp%2Fv2%2Fproduct_brand&post=389"},{"taxonomy":"product_cat","embeddable":true,"href":"https:\/\/cecitech.com\/index.php?rest_route=%2Fwp%2Fv2%2Fproduct_cat&post=389"},{"taxonomy":"product_tag","embeddable":true,"href":"https:\/\/cecitech.com\/index.php?rest_route=%2Fwp%2Fv2%2Fproduct_tag&post=389"}],"curies":[{"name":"wp","href":"https:\/\/api.w.org\/{rel}","templated":true}]}}