{"id":354,"date":"2016-11-11T02:10:35","date_gmt":"2016-11-10T22:10:35","guid":{"rendered":"http:\/\/cecitech.com\/wp\/?post_type=product&#038;p=354"},"modified":"2023-06-06T08:01:25","modified_gmt":"2023-06-06T13:01:25","slug":"localisateur-dobjets-sonore","status":"publish","type":"product","link":"https:\/\/cecitech.com\/?product=localisateur-dobjets-sonore","title":{"rendered":"Localisateur d&rsquo;objets sonore"},"content":{"rendered":"<h1 class=\"mttl\">Fonctionnalit\u00e9s<\/h1>\r\nCe localisateur d&rsquo;objets vous permettra de retrouver des objets \u00e9gar\u00e9s tels que les cl\u00e9s, la t\u00e9l\u00e9commande, les lunettes, le portefeuille etc. Pour ce faire, rien de plus simple : il vous suffit d&rsquo;appuyer sur une touche.\r\n\r\nEn utilisant les porte-cl\u00e9s ou le ruban adh\u00e9sif double face (inclus), attachez une partie \u00e0 un objet facilement \u00e9garable.\r\nAppuyez sur le bouton t\u00e9l\u00e9avertisseur du code-couleur du transmetteur, pour d\u00e9clencher le bip sonore correspondant \u00e0 l&rsquo;autre partie afin de localiser un objet pr\u00e9cis.\r\n<h1 class=\"mttl\">Caract\u00e9ristiques techniques<\/h1>\r\nLa bo\u00eete contient :\r\n<ul class=\"lst_product\">\r\n \t<li>1 transmetteur ;<\/li>\r\n \t<li>3 r\u00e9cepteurs ;<\/li>\r\n \t<li>2 porte-cl\u00e9s ;<\/li>\r\n \t<li>2 cordons ;<\/li>\r\n \t<li>3 rubans adh\u00e9sifs double face ;<\/li>\r\n \t<li>4 piles au lithium CR2016 fournies.<\/li>\r\n<\/ul>\r\nPort\u00e9e du rayonnement : de 7 \u00e0 10 m\u00e8tres, selon l&rsquo;environnement sonore.\r\n\r\nConformit\u00e9 aux normes","protected":false},"excerpt":{"rendered":"<h1>Localisateur d&rsquo;objets sonore<\/h1>\r\nCe localisateur vous permettra de retrouver des objets \u00e9gar\u00e9s tels que les cl\u00e9s, la t\u00e9l\u00e9commande, les lunettes, etc.","protected":false},"featured_media":355,"comment_status":"closed","ping_status":"closed","template":"","meta":[],"product_brand":[],"product_cat":[52],"product_tag":[],"class_list":{"0":"post-354","1":"product","2":"type-product","3":"status-publish","4":"has-post-thumbnail","6":"product_cat-vie-quotidienne","8":"first","9":"instock","10":"taxable","11":"shipping-taxable","12":"product-type-simple"},"_links":{"self":[{"href":"https:\/\/cecitech.com\/index.php?rest_route=\/wp\/v2\/product\/354","targetHints":{"allow":["GET"]}}],"collection":[{"href":"https:\/\/cecitech.com\/index.php?rest_route=\/wp\/v2\/product"}],"about":[{"href":"https:\/\/cecitech.com\/index.php?rest_route=\/wp\/v2\/types\/product"}],"replies":[{"embeddable":true,"href":"https:\/\/cecitech.com\/index.php?rest_route=%2Fwp%2Fv2%2Fcomments&post=354"}],"wp:featuredmedia":[{"embeddable":true,"href":"https:\/\/cecitech.com\/index.php?rest_route=\/wp\/v2\/media\/355"}],"wp:attachment":[{"href":"https:\/\/cecitech.com\/index.php?rest_route=%2Fwp%2Fv2%2Fmedia&parent=354"}],"wp:term":[{"taxonomy":"product_brand","embeddable":true,"href":"https:\/\/cecitech.com\/index.php?rest_route=%2Fwp%2Fv2%2Fproduct_brand&post=354"},{"taxonomy":"product_cat","embeddable":true,"href":"https:\/\/cecitech.com\/index.php?rest_route=%2Fwp%2Fv2%2Fproduct_cat&post=354"},{"taxonomy":"product_tag","embeddable":true,"href":"https:\/\/cecitech.com\/index.php?rest_route=%2Fwp%2Fv2%2Fproduct_tag&post=354"}],"curies":[{"name":"wp","href":"https:\/\/api.w.org\/{rel}","templated":true}]}}