{"id":289,"date":"2016-11-10T23:42:39","date_gmt":"2016-11-10T19:42:39","guid":{"rendered":"http:\/\/cecitech.com\/wp\/?post_type=product&#038;p=289"},"modified":"2023-06-17T08:28:09","modified_gmt":"2023-06-17T13:28:09","slug":"zoom-text-logiciel-de-grossissement-de-caracteres","status":"publish","type":"product","link":"https:\/\/cecitech.com\/?product=zoom-text-logiciel-de-grossissement-de-caracteres","title":{"rendered":"Zoom Text &#8211; Level 1"},"content":{"rendered":"Le Logiciel de Grossissement de caract\u00e8res ZoomText Magnifier agrandit et rehausse l&rsquo;information affich\u00e9e \u00e0 l&rsquo;\u00e9cran de votre ordinateur ce qui vous permet de mieux voir vos applications et de les utiliser. Utilisez la fonction zoom avant, relaxez et ayez du plaisir \u00e0 utiliser votre ordinateur sans fatiguer vos yeux. Il est suffisamment simple pour l&rsquo;usager occasionnel\u2026 suffisamment puissant pour l&rsquo;utilisateur en entreprise&#8230; parfait pour vous.\r\n<h3 class=\"mttl\">Caract\u00e9ristiques et sp\u00e9cifications<\/h3>\r\n<p class=\"ssttl\">Facile \u00e0 voir:<\/p>\r\n\r\n<ul class=\"lst_product\">\r\n \t<li>ZoomText agrandit de 1x \u00e0 36x et offre des fractions de puissance de 1,25x, 1,5x, 1,75x et 2,5x.<\/li>\r\n \t<li>La nouvelle technologie xFont assure une remarquable am\u00e9lioration de la qualit\u00e9 du texte agrandi.<\/li>\r\n \t<li>Huit choix de fen\u00eatres zoom vous permettent de s\u00e9lectionner selon vos besoins la partie de l&rsquo;\u00e9cran agrandie.<\/li>\r\n \t<li>Vous pouvez modifier les couleurs de l&rsquo;\u00e9cran pour \u00e9liminer l&rsquo;\u00e9blouissement et r\u00e9duire la fatigue des yeux.<\/li>\r\n \t<li>Vous pouvez changer la couleur et la taille du pointeur de la souris et du curseur pour les visualiser plus facilement.<\/li>\r\n<\/ul>\r\n<p class=\"ssttl\">Facile \u00e0 utiliser:<\/p>\r\n\r\n<ul class=\"lst_product\">\r\n \t<li>Les nouveaux param\u00e8tres de ZoomText permettent de conserver vos pr\u00e9f\u00e9rences. Les param\u00e8tres sont appliqu\u00e9s automatiquement d\u00e8s que vous changez d\u2019application.<\/li>\r\n \t<li>Rep\u00e9rez rapidement les liens de pages Web en utilisant Recherche Web ou utilisez la caract\u00e9ristique Recherche bureau pour ouvrir les applications et les documents.<\/li>\r\n \t<li>Utilisez la nouvelle caract\u00e9ristique Recherche de texte pour rep\u00e9rer instantan\u00e9ment des mots ou des phrases dans toute application ou fen\u00eatre de document.<\/li>\r\n \t<li>L&rsquo;interface utilisateur conviviale de ZoomText facilite l&rsquo;acc\u00e8s et le r\u00e9glage de ses fonctionnalit\u00e9s en utilisant la souris ou le clavier.<\/li>\r\n<\/ul>","protected":false},"excerpt":{"rendered":"<h3>Le Logiciel de Grossissement de caract\u00e8res ZoomText Magnifier agrandit et rehausse l&rsquo;information affich\u00e9e \u00e0 l&rsquo;\u00e9cran de votre ordinateur ce qui vous permet de mieux voir vos applications et de les utiliser.<\/h3>","protected":false},"featured_media":290,"comment_status":"closed","ping_status":"closed","template":"","meta":[],"product_brand":[],"product_cat":[33,39],"product_tag":[],"class_list":{"0":"post-289","1":"product","2":"type-product","3":"status-publish","4":"has-post-thumbnail","6":"product_cat-basse-vision","7":"product_cat-logiciel","9":"first","10":"instock","11":"taxable","12":"shipping-taxable","13":"product-type-simple"},"_links":{"self":[{"href":"https:\/\/cecitech.com\/index.php?rest_route=\/wp\/v2\/product\/289","targetHints":{"allow":["GET"]}}],"collection":[{"href":"https:\/\/cecitech.com\/index.php?rest_route=\/wp\/v2\/product"}],"about":[{"href":"https:\/\/cecitech.com\/index.php?rest_route=\/wp\/v2\/types\/product"}],"replies":[{"embeddable":true,"href":"https:\/\/cecitech.com\/index.php?rest_route=%2Fwp%2Fv2%2Fcomments&post=289"}],"wp:featuredmedia":[{"embeddable":true,"href":"https:\/\/cecitech.com\/index.php?rest_route=\/wp\/v2\/media\/290"}],"wp:attachment":[{"href":"https:\/\/cecitech.com\/index.php?rest_route=%2Fwp%2Fv2%2Fmedia&parent=289"}],"wp:term":[{"taxonomy":"product_brand","embeddable":true,"href":"https:\/\/cecitech.com\/index.php?rest_route=%2Fwp%2Fv2%2Fproduct_brand&post=289"},{"taxonomy":"product_cat","embeddable":true,"href":"https:\/\/cecitech.com\/index.php?rest_route=%2Fwp%2Fv2%2Fproduct_cat&post=289"},{"taxonomy":"product_tag","embeddable":true,"href":"https:\/\/cecitech.com\/index.php?rest_route=%2Fwp%2Fv2%2Fproduct_tag&post=289"}],"curies":[{"name":"wp","href":"https:\/\/api.w.org\/{rel}","templated":true}]}}