{"id":265,"date":"2016-11-10T08:45:16","date_gmt":"2016-11-10T04:45:16","guid":{"rendered":"http:\/\/cecitech.com\/wp\/?post_type=product&#038;p=265"},"modified":"2023-04-27T08:45:02","modified_gmt":"2023-04-27T13:45:02","slug":"zoomax-butterfly-videoloupe-portable","status":"publish","type":"product","link":"https:\/\/cecitech.com\/?product=zoomax-butterfly-videoloupe-portable","title":{"rendered":"Zoomax Butterfly"},"content":{"rendered":"<h1 class=\"mttl\">Fonctionnalit\u00e9s<\/h1>\r\nCon\u00e7u pour la personne sur la route, Butterfly loupe vid\u00e9o de poche se glisse facilement dans la poche, sac \u00e0 main ou cartable. Butterfly offre des fonctionnalit\u00e9s compl\u00e8tes, y compris un \u00e9cran de 3,5, de 1,5 x \u00e0 un grossissement de 15X et variables modes de visualisation \u00e0 contraste \u00e9lev\u00e9 pour une clart\u00e9 d&rsquo;image maximale. Pesant seulement 4,2 onces, Papillon est la loupe de poche id\u00e9al pour la personne active et ind\u00e9pendante ayant une basse vision. Prenez Butterfly partout avec vous. Il se glisse ais\u00e9ment dans votre poche ou votre sac \u00e0 main .\r\n<h1 class=\"mttl\">Caract\u00e9ristiques techniques<\/h1>\r\n<ul class=\"lst_product\">\r\n \t<li>Agrandissement de 1,5 x \u00e0 15x<\/li>\r\n \t<li>Ecran de 3,5-pouces TFT<\/li>\r\n \t<li>Cinq modes de visualisation:\r\nContraste \u00e9l\u00e9v\u00e9 blancs sur fond noir\r\nContraste \u00e9l\u00e9v\u00e9 noir sur blanc\r\nComplet en mode photo couleur\r\nJaune sur fond bleu Contraste \u00e9lev\u00e9\r\nBleu sur fond noir Contraste \u00e9lev\u00e9<\/li>\r\n \t<li>Gel d\u2019image<\/li>\r\n \t<li>Support d\u2019\u00e9criture int\u00e9gr\u00e9<\/li>\r\n \t<li>La cam\u00e9ra est en position centrale pour une lecture plus intuitive<\/li>\r\n \t<li>Batterie rechargeable offrant jusqu&rsquo;\u00e0 3,5 heures d&rsquo;utilisation continue<\/li>\r\n \t<li>Valise de transport et une dragonne<\/li>\r\n \t<li>Dimensions: 9,4 x 8 x 1,9 cm \/ 3,5 x 3,1 x 0,7 pouces<\/li>\r\n \t<li>Poids: 120 grammes \/ 4,2 onces<\/li>\r\n<\/ul>","protected":false},"excerpt":{"rendered":"<h1>Zoomax Butterfly<\/h1>\r\n<h4>Papillon est la loupe de poche id\u00e9al pour la personne active et ind\u00e9pendante ayant une basse vision.<\/h4>","protected":false},"featured_media":266,"comment_status":"closed","ping_status":"closed","template":"","meta":[],"product_brand":[],"product_cat":[33,37],"product_tag":[],"class_list":{"0":"post-265","1":"product","2":"type-product","3":"status-publish","4":"has-post-thumbnail","6":"product_cat-basse-vision","7":"product_cat-video-loupes-de-poche","9":"first","10":"instock","11":"taxable","12":"shipping-taxable","13":"product-type-simple"},"_links":{"self":[{"href":"https:\/\/cecitech.com\/index.php?rest_route=\/wp\/v2\/product\/265","targetHints":{"allow":["GET"]}}],"collection":[{"href":"https:\/\/cecitech.com\/index.php?rest_route=\/wp\/v2\/product"}],"about":[{"href":"https:\/\/cecitech.com\/index.php?rest_route=\/wp\/v2\/types\/product"}],"replies":[{"embeddable":true,"href":"https:\/\/cecitech.com\/index.php?rest_route=%2Fwp%2Fv2%2Fcomments&post=265"}],"wp:featuredmedia":[{"embeddable":true,"href":"https:\/\/cecitech.com\/index.php?rest_route=\/wp\/v2\/media\/266"}],"wp:attachment":[{"href":"https:\/\/cecitech.com\/index.php?rest_route=%2Fwp%2Fv2%2Fmedia&parent=265"}],"wp:term":[{"taxonomy":"product_brand","embeddable":true,"href":"https:\/\/cecitech.com\/index.php?rest_route=%2Fwp%2Fv2%2Fproduct_brand&post=265"},{"taxonomy":"product_cat","embeddable":true,"href":"https:\/\/cecitech.com\/index.php?rest_route=%2Fwp%2Fv2%2Fproduct_cat&post=265"},{"taxonomy":"product_tag","embeddable":true,"href":"https:\/\/cecitech.com\/index.php?rest_route=%2Fwp%2Fv2%2Fproduct_tag&post=265"}],"curies":[{"name":"wp","href":"https:\/\/api.w.org\/{rel}","templated":true}]}}