{"id":232,"date":"2016-11-10T05:34:33","date_gmt":"2016-11-10T01:34:33","guid":{"rendered":"http:\/\/cecitech.com\/wp\/?post_type=product&#038;p=232"},"modified":"2023-06-23T09:21:46","modified_gmt":"2023-06-23T14:21:46","slug":"braille-express-150-imprimante-braille","status":"publish","type":"product","link":"https:\/\/cecitech.com\/?product=braille-express-150-imprimante-braille","title":{"rendered":"Braille Express 150"},"content":{"rendered":"La <span class=\"ssttl\">Braille Express 150<\/span> a une \u00e9norme m\u00e9moire de 400 pages pour vos gros travaux, et imprime \u00e0 150 caract\u00e8res par seconde.\r\n\r\nNous estimons qu&rsquo;une <span class=\"ssttl\">Braille Express 150<\/span>, utilis\u00e9e 5 heures par jour, imprime environ cinq cent mille pages par ann\u00e9e.\r\n\r\nC&rsquo;est sans aucun doute la raison pour laquelle l&rsquo;on retrouve ces imprimantes dans presque toutes les maisons professionnelles de production Braille, larges et petites. Ces puissantes imprimantes gros volumes viennent avec ETSpeaks d\u00e9j\u00e0 install\u00e9 comme \u00e9quipement standard. ETSpeaks d\u00e9marre de fa\u00e7on automatique, et facilite l\u2019utilisation de votre imprimante Braille, parce que ETSpeaks confirme les commandes que vous entrez sur votre clavier et vous \u00ab lit \u00bb a voix haute les messages de votre imprimante, sans pour cela vous ralentir dans l&rsquo;exercice de vos fonctions.\r\n\r\nET Speaks est compatible avec Double Talk, et peut donc lire votre \u00e9cran lecteur tout en jouant vos fichiers audio.","protected":false},"excerpt":{"rendered":"<h3>La Braille Express 150 a une \u00e9norme m\u00e9moire de 400 pages pour vos gros travaux, et imprime \u00e0 150 caract\u00e8res par seconde.<\/h3>","protected":false},"featured_media":233,"comment_status":"closed","ping_status":"closed","template":"","meta":[],"product_brand":[],"product_cat":[30,36],"product_tag":[],"class_list":{"0":"post-232","1":"product","2":"type-product","3":"status-publish","4":"has-post-thumbnail","6":"product_cat-cecite","7":"product_cat-imprimantes-braille","9":"first","10":"instock","11":"taxable","12":"shipping-taxable","13":"product-type-simple"},"_links":{"self":[{"href":"https:\/\/cecitech.com\/index.php?rest_route=\/wp\/v2\/product\/232","targetHints":{"allow":["GET"]}}],"collection":[{"href":"https:\/\/cecitech.com\/index.php?rest_route=\/wp\/v2\/product"}],"about":[{"href":"https:\/\/cecitech.com\/index.php?rest_route=\/wp\/v2\/types\/product"}],"replies":[{"embeddable":true,"href":"https:\/\/cecitech.com\/index.php?rest_route=%2Fwp%2Fv2%2Fcomments&post=232"}],"wp:featuredmedia":[{"embeddable":true,"href":"https:\/\/cecitech.com\/index.php?rest_route=\/wp\/v2\/media\/233"}],"wp:attachment":[{"href":"https:\/\/cecitech.com\/index.php?rest_route=%2Fwp%2Fv2%2Fmedia&parent=232"}],"wp:term":[{"taxonomy":"product_brand","embeddable":true,"href":"https:\/\/cecitech.com\/index.php?rest_route=%2Fwp%2Fv2%2Fproduct_brand&post=232"},{"taxonomy":"product_cat","embeddable":true,"href":"https:\/\/cecitech.com\/index.php?rest_route=%2Fwp%2Fv2%2Fproduct_cat&post=232"},{"taxonomy":"product_tag","embeddable":true,"href":"https:\/\/cecitech.com\/index.php?rest_route=%2Fwp%2Fv2%2Fproduct_tag&post=232"}],"curies":[{"name":"wp","href":"https:\/\/api.w.org\/{rel}","templated":true}]}}