{"id":220,"date":"2016-11-10T05:23:35","date_gmt":"2016-11-10T01:23:35","guid":{"rendered":"http:\/\/cecitech.com\/wp\/?post_type=product&#038;p=220"},"modified":"2023-06-29T09:05:31","modified_gmt":"2023-06-29T14:05:31","slug":"index-braille-box-v4-imprimante-braille","status":"publish","type":"product","link":"https:\/\/cecitech.com\/?product=index-braille-box-v4-imprimante-braille","title":{"rendered":"INDEX BrailleBox V5"},"content":{"rendered":"<h3>Fonctionnalit\u00e9s<\/h3>\r\nL&rsquo;imprimante Braille Box V5, fabriqu\u00e9e par Index, est une embosseuse recto-verso destin\u00e9e \u00e0 l&rsquo;impression de livres en braille ; elle produit directement des ouvrages (livres, journaux) dans un format cahier \u00ab\u00a0pr\u00eat \u00e0 relier\u00a0\u00bb.\r\n<ul class=\"lst_product\">\r\n \t<li>Simplicit\u00e9 d&rsquo;utilisation : embossez vos livres facilement, pr\u00eats \u00e0 relier.<\/li>\r\n \t<li>Compatible WiFi.<\/li>\r\n \t<li>Impression \u00e0 partir d&rsquo;appareils mobiles.<\/li>\r\n \t<li>Retour vocal multilingue (voix de haute qualit\u00e9 Acapela).<\/li>\r\n \t<li>Vitesse de gauffrage 30% sup\u00e9rieure \u00e0 la version 4.<\/li>\r\n \t<li>Haute vitesse : 300 cps (\u00b1 900 pages A4 par heure, en format livret).<\/li>\r\n \t<li>Excellente qualit\u00e9 du point braille.<\/li>\r\n \t<li>Le bac d&rsquo;alimentation papier peut contenir jusqu&rsquo;\u00e0 400 pages.<\/li>\r\n \t<li>Alimentation des feuilles stable et automatis\u00e9e.<\/li>\r\n \t<li>\u00c9tonnant niveau de bruit faible.<\/li>\r\n \t<li>Alimentation A3 pli\u00e9 pour un format final A4.<\/li>\r\n \t<li>Prise en charge Index-direct-Braille (IDB).<\/li>\r\n \t<li>Interface Web pour la configuration et le support.<\/li>\r\n \t<li>Centre de controle complet sur l&#8217;embosseuse.<\/li>\r\n \t<li>Port USB h\u00f4te (pour embossage direct depuis USB).<\/li>\r\n<\/ul>\r\n<strong>Volumes de production \u00e9lev\u00e9s<\/strong>\r\n\r\nLa Braille Box est la meilleure embosseuse pour la production de volume \u00e9lev\u00e9 de braille, en utilisant du papier A3 ou A4 ordinaire (150 g\/m\u00b2). Elle poss\u00e8de \u00e9galement le meilleur mode d&rsquo;alimentation jamais utilis\u00e9 dans une imprimante braille.\r\n\r\n<strong>Meilleur rapport prix\/ performance<\/strong>\r\n\r\nUtilisant les derni\u00e8res plates-formes \u00e9lectroniques, les outils de mod\u00e9lisation d&rsquo;injection et de la conception professionnelle, Index Braille a permis de combiner haute performance et prix attractif. Braille Box est une r\u00e9ussite d&rsquo;INDEX Braille, donnant aux utilisateurs ce qu&rsquo;ils ont demand\u00e9 \u00e0 l&rsquo;impression de grands volumes.\r\n\r\n<strong>Faible niveau de bruit<\/strong>\r\n\r\nUne bonne qualit\u00e9 de points braille a toujours \u00e9t\u00e9 synonyme de niveau de bruit \u00e9lev\u00e9. Maintenant cela a chang\u00e9. Braille Box est la premi\u00e8re imprimante braille compl\u00e8tement insonoris\u00e9. Ceci, combin\u00e9 avec une ventilation en sourdine, donne un niveau sonore faible surprenant.\r\n\r\n<strong>Le meilleur bac d&rsquo;alimentation<\/strong>\r\n\r\nLa seule base de fabrication d&rsquo;une feuille emboss\u00e9e de bonne qualit\u00e9 est le dispositif d&rsquo;alimentation. La conception du bac d&rsquo;alimentation utilis\u00e9 par la Braille Box est d\u00e9pos\u00e9 et le meilleur jamais utilis\u00e9 dans une imprimante braille. L&rsquo;acc\u00e8s aux fonctionnalit\u00e9s a \u00e9t\u00e9 optimis\u00e9 pour le papier braille et test\u00e9 \u00e0 la perfection. Le bac \u00e0 papier peut contenir jusqu&rsquo;\u00e0 400 feuilles de papier.\r\n\r\n<strong>Prim\u00e9e de nombreuses fois<\/strong>\r\n<ul>\r\n \t<li>Red Dot Design Award- 2011<\/li>\r\n \t<li>People&rsquo;s Choice &#8211; Grand Award of Design &#8211; 2012<\/li>\r\n \t<li>German Design Award &#8211; 2012<\/li>\r\n \t<li>Design S &#8211; 2012<\/li>\r\n \t<li>Good Design Award &#8211; 2012<\/li>\r\n \t<li>German Design Award 2013 Jury<\/li>\r\n<\/ul>\r\nGarantie 4 ans\r\n<h3>Caract\u00e9ristiques techniques<\/h3>\r\n<strong>Poids et dimensions<\/strong>\r\n<ul>\r\n \t<li>Taille net HxLxP : 56x72x90 cm<\/li>\r\n \t<li>Poids net : 65 kg<\/li>\r\n \t<li>Niveau de bruit : 70 dB (A)<\/li>\r\n<\/ul>\r\n<strong>Caract\u00e9ristiques du papier<\/strong>\r\n<ul>\r\n \t<li>Poids du papier : 150-180 gram\/m2<\/li>\r\n \t<li>Largeur de papier : 3 (297&#215;410 mm), Tabloid 11\u201dx17\u201d, A4 et Lettre<\/li>\r\n \t<li>Longueur de papier : 11&Prime;x11x5&Prime;, B4 250&#215;353 mm<\/li>\r\n \t<li>Alimentation papier : Feuille \u00e0 feuille<\/li>\r\n \t<li>Impressions : Recto, Recto\/Verso, Booklet<\/li>\r\n \t<li>Volume du bac \u00e0 papier : Peut contenir jusqu&rsquo;\u00e0 400 feuilles<\/li>\r\n<\/ul>\r\n<strong>Caract\u00e9ristiques Braille<\/strong>\r\n<ul>\r\n \t<li>Gaufrage grande vitesse : \u00b1 900 pages A4 par heure (en format livret) Correspondance : 300 cps<\/li>\r\n \t<li>Technologie de formage des points : 3 t\u00eates de gaufrage avec 13 marteaux chacune Formation en acier tremp\u00e9 pour une meilleure qualit\u00e9 en braille et cycle de vie<\/li>\r\n \t<li>Taille des points Max : 0,3 mm hauteur Diam\u00e8tre max 0,5 mm<\/li>\r\n \t<li>Polices Braille : 2,5 mm<\/li>\r\n \t<li>Cellule braille : 6\/8 points<\/li>\r\n \t<li>Max caract\u00e8res par ligne : 37<\/li>\r\n \t<li>R\u00e9solution graphique tactile : Jusqu&rsquo;\u00e0 50 DPI La distance minimale entre les points de 1,5 mm<\/li>\r\n \t<li>Espacement des lignes : Ajustable<\/li>\r\n \t<li>Tampon de texte en braille : 10,000 pages Nombre illimit\u00e9 de copies<\/li>\r\n<\/ul>\r\n<strong>Interfaces et communication<\/strong>\r\n<ul>\r\n \t<li>Interface Utilisateur : Feedback vocal 13 langues<\/li>\r\n \t<li>Wifi : Oui<\/li>\r\n \t<li>Appareils mobiles : Support\u00e9s<\/li>\r\n \t<li>Support idB : Oui<\/li>\r\n \t<li>USB : USB 2.0 standard<\/li>\r\n \t<li>R\u00e9seau : 100 Mo standard TCP \/ IP Peut-\u00eatre install\u00e9 directement sur une adresse IP du r\u00e9seau local<\/li>\r\n \t<li>Interface : 9-broches femelle<\/li>\r\n \t<li>Prise casque : Standard 3,5 mm<\/li>\r\n \t<li>Interface Web : Embedded Pour la surveillance de l&rsquo;\u00e9tat et la configuration embosseuse<\/li>\r\n \t<li>Pilotes : Windows, Mac, Linux<\/li>\r\n<\/ul>\r\n<strong>Environnement<\/strong>\r\n<ul>\r\n \t<li>Temp\u00e9rature : 15-40 C\u00b0<\/li>\r\n \t<li>Humidit\u00e9 : 10-90% Sans condensation<\/li>\r\n<\/ul>\r\n<strong>Alimentation \u00e9lectrique<\/strong>\r\n<ul>\r\n \t<li>Tension : 100-240 V AC<\/li>\r\n \t<li>Puissance max : 400 Watt<\/li>\r\n \t<li>Consommation en veille : 5 Watt<\/li>\r\n \t<li>Mode \u00e9co : 1.0 W<\/li>\r\n<\/ul>","protected":false},"excerpt":{"rendered":"<h3>La BrailleBox est une embosseuse braille pour les volumes \u00e9lev\u00e9s de production braille.<\/h3>","protected":false},"featured_media":221,"comment_status":"closed","ping_status":"closed","template":"","meta":[],"product_brand":[],"product_cat":[30,36],"product_tag":[],"class_list":{"0":"post-220","1":"product","2":"type-product","3":"status-publish","4":"has-post-thumbnail","6":"product_cat-cecite","7":"product_cat-imprimantes-braille","9":"first","10":"instock","11":"taxable","12":"shipping-taxable","13":"product-type-simple"},"_links":{"self":[{"href":"https:\/\/cecitech.com\/index.php?rest_route=\/wp\/v2\/product\/220","targetHints":{"allow":["GET"]}}],"collection":[{"href":"https:\/\/cecitech.com\/index.php?rest_route=\/wp\/v2\/product"}],"about":[{"href":"https:\/\/cecitech.com\/index.php?rest_route=\/wp\/v2\/types\/product"}],"replies":[{"embeddable":true,"href":"https:\/\/cecitech.com\/index.php?rest_route=%2Fwp%2Fv2%2Fcomments&post=220"}],"wp:featuredmedia":[{"embeddable":true,"href":"https:\/\/cecitech.com\/index.php?rest_route=\/wp\/v2\/media\/221"}],"wp:attachment":[{"href":"https:\/\/cecitech.com\/index.php?rest_route=%2Fwp%2Fv2%2Fmedia&parent=220"}],"wp:term":[{"taxonomy":"product_brand","embeddable":true,"href":"https:\/\/cecitech.com\/index.php?rest_route=%2Fwp%2Fv2%2Fproduct_brand&post=220"},{"taxonomy":"product_cat","embeddable":true,"href":"https:\/\/cecitech.com\/index.php?rest_route=%2Fwp%2Fv2%2Fproduct_cat&post=220"},{"taxonomy":"product_tag","embeddable":true,"href":"https:\/\/cecitech.com\/index.php?rest_route=%2Fwp%2Fv2%2Fproduct_tag&post=220"}],"curies":[{"name":"wp","href":"https:\/\/api.w.org\/{rel}","templated":true}]}}