{"id":199,"date":"2016-11-10T03:16:48","date_gmt":"2016-11-09T23:16:48","guid":{"rendered":"http:\/\/cecitech.com\/wp\/?post_type=product&#038;p=199"},"modified":"2023-07-05T06:45:58","modified_gmt":"2023-07-05T11:45:58","slug":"clavier-unimanuel-extension-pour-perkins","status":"publish","type":"product","link":"https:\/\/cecitech.com\/?product=clavier-unimanuel-extension-pour-perkins","title":{"rendered":"Clavier unimanuel"},"content":{"rendered":"<h3 class=\"mttl\">Fonctionnalit\u00e9s<\/h3>\r\nLe clavier unimanuel pour Perkins remplace le clavier standard de la Perkins classique ou de la Perkins Nouvelle G\u00e9n\u00e9ration. L&#8217;empan est alors r\u00e9duit et vous permet d&rsquo;utiliser votre Perkins seule main.\r\n\r\nLes touches se replient lorsque vous n&rsquo;utilisez pas votre Perkins pour permettre \u00e0 votre machine de loger dans son \u00e9tui.\r\n\r\nLe clavier unimanuel pour Perkins est livr\u00e9 en kit avec un tournevis adapt\u00e9 et une notice de montage.\r\n\r\nCaract\u00e9ristiques techniques\r\n\r\nPoids : 160 gr","protected":false},"excerpt":{"rendered":"<h3>Un clavier \u00e0 monter sur la Perkins pour \u00e9crire d&rsquo;une seule main.<\/h3>","protected":false},"featured_media":200,"comment_status":"closed","ping_status":"closed","template":"","meta":[],"product_brand":[],"product_cat":[30,36],"product_tag":[],"class_list":{"0":"post-199","1":"product","2":"type-product","3":"status-publish","4":"has-post-thumbnail","6":"product_cat-cecite","7":"product_cat-imprimantes-braille","9":"first","10":"instock","11":"taxable","12":"shipping-taxable","13":"product-type-simple"},"_links":{"self":[{"href":"https:\/\/cecitech.com\/index.php?rest_route=\/wp\/v2\/product\/199","targetHints":{"allow":["GET"]}}],"collection":[{"href":"https:\/\/cecitech.com\/index.php?rest_route=\/wp\/v2\/product"}],"about":[{"href":"https:\/\/cecitech.com\/index.php?rest_route=\/wp\/v2\/types\/product"}],"replies":[{"embeddable":true,"href":"https:\/\/cecitech.com\/index.php?rest_route=%2Fwp%2Fv2%2Fcomments&post=199"}],"wp:featuredmedia":[{"embeddable":true,"href":"https:\/\/cecitech.com\/index.php?rest_route=\/wp\/v2\/media\/200"}],"wp:attachment":[{"href":"https:\/\/cecitech.com\/index.php?rest_route=%2Fwp%2Fv2%2Fmedia&parent=199"}],"wp:term":[{"taxonomy":"product_brand","embeddable":true,"href":"https:\/\/cecitech.com\/index.php?rest_route=%2Fwp%2Fv2%2Fproduct_brand&post=199"},{"taxonomy":"product_cat","embeddable":true,"href":"https:\/\/cecitech.com\/index.php?rest_route=%2Fwp%2Fv2%2Fproduct_cat&post=199"},{"taxonomy":"product_tag","embeddable":true,"href":"https:\/\/cecitech.com\/index.php?rest_route=%2Fwp%2Fv2%2Fproduct_tag&post=199"}],"curies":[{"name":"wp","href":"https:\/\/api.w.org\/{rel}","templated":true}]}}