{"id":1867,"date":"2026-02-04T08:38:20","date_gmt":"2026-02-04T13:38:20","guid":{"rendered":"https:\/\/cecitech.com\/?post_type=product&#038;p=1867"},"modified":"2026-02-04T09:27:22","modified_gmt":"2026-02-04T14:27:22","slug":"stellartrek","status":"publish","type":"product","link":"https:\/\/cecitech.com\/?product=stellartrek","title":{"rendered":"StellarTrek"},"content":{"rendered":"<h1>DESCRIPTION<\/h1>\r\n<ol>\r\n \t<li>StellarTrek, un appareil GPS et OCR pilot\u00e9 par IA, offre aux personnes malvoyantes une assistance in\u00e9gal\u00e9e pour leurs d\u00e9placements quotidiens. Con\u00e7u sp\u00e9cifiquement pour r\u00e9pondre \u00e0 leurs besoins, cet appareil de pointe combine des fonctionnalit\u00e9s GPS avanc\u00e9es avec une interface tactile intuitive, garantissant un guidage fluide gr\u00e2ce aux instructions vocales.<\/li>\r\n \t<li>Cet appareil innovant est \u00e9quip\u00e9 d&rsquo;une cam\u00e9ra int\u00e9gr\u00e9e et de capacit\u00e9s d&rsquo;intelligence artificielle avanc\u00e9es, lui permettant d&rsquo;identifier les adresses, les entr\u00e9es et les points de rep\u00e8re, et de fournir un guidage audio pr\u00e9cis pour les derniers m\u00e8tres de votre trajet. Le mode de d\u00e9tection des passages pi\u00e9tons vous aidera \u00e0 trouver le bon endroit pour traverser. Une fois les marquages \u200b\u200bau sol rep\u00e9r\u00e9s, vous pouvez passer en mode de d\u00e9tection des feux de circulation (B\u00caTA) pour v\u00e9rifier l&rsquo;\u00e9tat du signal pi\u00e9ton. Utilis\u00e9 en compl\u00e9ment de vos comp\u00e9tences en mati\u00e8re d&rsquo;exploitation et de maintenance, cet appareil est id\u00e9al pour traverser les intersections en toute s\u00e9curit\u00e9.<\/li>\r\n \t<li>De plus, sa polyvalence s&rsquo;\u00e9tend \u00e0 la lecture de codes-barres pour obtenir des informations sur les produits, \u00e0 la reconnaissance des couleurs et \u00e0 la synth\u00e8se vocale\u00a0: lecture \u00e0 voix haute des panneaux de signalisation, des listes d&rsquo;ingr\u00e9dients, des re\u00e7us ou des informations nutritionnelles. Et gr\u00e2ce au nouveau lecteur de livres int\u00e9gr\u00e9, vous pouvez d\u00e9sormais vous connecter \u00e0 de nombreuses biblioth\u00e8ques \u00e0 travers le monde, dont Bookshare, pour t\u00e9l\u00e9charger et lire des livres en voyage\u00a0! Le StellarTrek est une solution compl\u00e8te con\u00e7ue pour favoriser l&rsquo;autonomie et l&rsquo;ind\u00e9pendance.<\/li>\r\n \t<li>Et si vous disposiez d&rsquo;un assistant d&rsquo;orientation num\u00e9rique con\u00e7u pour vous aider \u00e0 vous d\u00e9placer en toute autonomie et \u00e0 accomplir vos t\u00e2ches quotidiennes\u00a0? Tel un ami toujours pr\u00eat \u00e0 vous aider, le StellarTrek, gr\u00e2ce \u00e0 son capteur optique int\u00e9gr\u00e9 et son intelligence artificielle, localise et reconna\u00eet les adresses, les passages pi\u00e9tons, les portes et les entr\u00e9es, et vous guide vocalement jusqu&rsquo;aux derniers m\u00e8tres de votre destination.<\/li>\r\n \t<li>Que vous soyez chez vous, en d\u00e9placement ou en train de faire vos courses, il reconna\u00eet et lit \u00e0 voix haute les couleurs, les codes-barres et les textes dans 14 langues diff\u00e9rentes.<\/li>\r\n \t<li>Avec une autonomie d&rsquo;une journ\u00e9e enti\u00e8re, vous n&rsquo;aurez plus \u00e0 craindre que votre smartphone ne soit \u00e0 court de batterie pour la navigation. Ses fonctionnalit\u00e9s avanc\u00e9es et son interface tactile vous ouvrent un monde de possibilit\u00e9s, en toute autonomie et s\u00e9curit\u00e9.<\/li>\r\n<\/ol>\r\n<h1>SP\u00c9CIFICATIONS<\/h1>\r\n<ul>\r\n \t<li>\u2022 Dimensions : 140,5 x 61,5 x 27 mm (5,53 x 2,42 x 1,06 pouces)<\/li>\r\n \t<li>\u2022 Poids avec batterie : 183 g (0,4 lb)<\/li>\r\n \t<li>\u2022 Prise casque st\u00e9r\u00e9o 3,5 mm r\u00e9sistante aux intemp\u00e9ries<\/li>\r\n \t<li>\u2022 Microphone mono omnidirectionnel int\u00e9gr\u00e9<\/li>\r\n \t<li>\u2022 Haut-parleur int\u00e9gr\u00e9 de 500 mW<\/li>\r\n \t<li>\u2022 Batterie : Lithium-ion, 3,7 V nominal<\/li>\r\n \t<li>\u2022 Temps de recharge : Jusqu&rsquo;\u00e0 3,5 heures avec l&rsquo;adaptateur secteur fourni. Peut \u00eatre prolong\u00e9 avec d&rsquo;autres chargeurs ou via un ordinateur.<\/li>\r\n \t<li>\u2022 Alimentation : Adaptateur secteur\/CC. Entr\u00e9e : 100-240 V, 50-60 Hz. Sortie : 5 V &#8211; 2,4 A (max.). Port USB : 5 V CC, 1 A.<\/li>\r\n \t<li>\u2022 Plage de temp\u00e9rature de fonctionnement\u00a0: +10 \u00e0 +40\u00a0\u00b0C<\/li>\r\n \t<li>\u2022 Plage de temp\u00e9rature de stockage et de transport\u00a0: -20 \u00e0 +60\u00a0\u00b0C<\/li>\r\n \t<li>\u2022 Humidit\u00e9 de fonctionnement\u00a0: 20\u00a0% \u00e0 80\u00a0% (sans condensation)<\/li>\r\n \t<li>\u2022 Humidit\u00e9 de stockage et de transport\u00a0: 10\u00a0% \u00e0 95\u00a0% (sans condensation)<\/li>\r\n \t<li>\u2022 M\u00e9moire interne\u00a0: 32\u00a0Go de m\u00e9moire flash eMMC sur puce eMCP combin\u00e9e<\/li>\r\n \t<li>\u2022 M\u00e9moire vive\u00a0: 4\u00a0Go de m\u00e9moire SDRAM LPDDR4 double canal haute vitesse \u00e0 1\u00a0866\u00a0MHz<\/li>\r\n \t<li>\u2022 Connecteur USB-C r\u00e9sistant aux intemp\u00e9ries<\/li>\r\n \t<li>\u2022 Codec audio\u00a0: Sortie haut-parleur mono haute qualit\u00e9 avec une puissance maximale de 20\u00a0mW par canal pour casque. \u2022 Synth\u00e8se vocale\u00a0: Acapela<\/li>\r\n \t<li>\u2022 Enregistrement\u00a0: MP3 16\u00a0bits \u00e0 une fr\u00e9quence d\u2019\u00e9chantillonnage de 44\u00a0100\u00a0Hz avec un d\u00e9bit binaire de 64, 96, 128 et 192\u00a0kbit\/s\u00a0; PCM 16\u00a0bits \u00e0 une fr\u00e9quence d\u2019\u00e9chantillonnage de 44\u00a0100\u00a0Hz<\/li>\r\n \t<li>\u2022 Cam\u00e9ras\u00a0: Double cam\u00e9ra 13\u00a0Mpx avec un champ de vision diagonal de 74\u00b0 et 117\u00b0<\/li>\r\n \t<li>\u2022 Wi-Fi\u00a0: a\/b\/g\/n\/ac SISO double bande 2,4\/5\u00a0GHz<\/li>\r\n \t<li>\u2022 Bluetooth\u00a0: v5.x, 2,400 \u00e0 2,4835\u00a0GHz, GFSK, \u03c0\/4-DQPSK (2\u00a0Mbit\/s) et 8DPSK (3\u00a0Mbit\/s)<\/li>\r\n \t<li>\u2022 GPS\u00a0: R\u00e9cepteur GNSS multi-constellation avec acc\u00e8s aux bandes L1 et L5<\/li>\r\n \t<li>\u2022 Certification IP\u00a0: IPX1<\/li>\r\n \t<li>\u2022 Langues prises en charge\u00a0: anglais, fran\u00e7ais, arabe, danois, n\u00e9erlandais, estonien, finnois, allemand, italien, norv\u00e9gien, polonais, russe espagnol, su\u00e9dois<\/li>\r\n<\/ul>","protected":false},"excerpt":{"rendered":"<h3>StellarTrek \u2013 Assistant GPS\/OCR bas\u00e9 sur l&rsquo;IA<\/h3>\r\n<h3>Am\u00e9liorer l&rsquo;autonomie pour l&rsquo;exploration, l&rsquo;orientation et la mobilit\u00e9<\/h3>","protected":false},"featured_media":1868,"comment_status":"open","ping_status":"closed","template":"","meta":[],"product_brand":[],"product_cat":[52],"product_tag":[],"class_list":{"0":"post-1867","1":"product","2":"type-product","3":"status-publish","4":"has-post-thumbnail","6":"product_cat-vie-quotidienne","8":"first","9":"instock","10":"taxable","11":"shipping-taxable","12":"product-type-simple"},"_links":{"self":[{"href":"https:\/\/cecitech.com\/index.php?rest_route=\/wp\/v2\/product\/1867","targetHints":{"allow":["GET"]}}],"collection":[{"href":"https:\/\/cecitech.com\/index.php?rest_route=\/wp\/v2\/product"}],"about":[{"href":"https:\/\/cecitech.com\/index.php?rest_route=\/wp\/v2\/types\/product"}],"replies":[{"embeddable":true,"href":"https:\/\/cecitech.com\/index.php?rest_route=%2Fwp%2Fv2%2Fcomments&post=1867"}],"wp:featuredmedia":[{"embeddable":true,"href":"https:\/\/cecitech.com\/index.php?rest_route=\/wp\/v2\/media\/1868"}],"wp:attachment":[{"href":"https:\/\/cecitech.com\/index.php?rest_route=%2Fwp%2Fv2%2Fmedia&parent=1867"}],"wp:term":[{"taxonomy":"product_brand","embeddable":true,"href":"https:\/\/cecitech.com\/index.php?rest_route=%2Fwp%2Fv2%2Fproduct_brand&post=1867"},{"taxonomy":"product_cat","embeddable":true,"href":"https:\/\/cecitech.com\/index.php?rest_route=%2Fwp%2Fv2%2Fproduct_cat&post=1867"},{"taxonomy":"product_tag","embeddable":true,"href":"https:\/\/cecitech.com\/index.php?rest_route=%2Fwp%2Fv2%2Fproduct_tag&post=1867"}],"curies":[{"name":"wp","href":"https:\/\/api.w.org\/{rel}","templated":true}]}}