{"id":162,"date":"2016-11-09T23:21:23","date_gmt":"2016-11-09T19:21:23","guid":{"rendered":"http:\/\/cecitech.com\/wp\/?post_type=product&#038;p=162"},"modified":"2023-07-07T12:34:59","modified_gmt":"2023-07-07T17:34:59","slug":"seika-40-version-4-plage-braille","status":"publish","type":"product","link":"https:\/\/cecitech.com\/?product=seika-40-version-4-plage-braille","title":{"rendered":"Seika 40 version 4"},"content":{"rendered":"<h3 class=\"mttl\">Fonctionnalit\u00e9s<\/h3>\r\n<p class=\"ssttl\">Un encombrement minimum :<\/p>\r\nAvec le Seika 40 V4, finis les c\u00e2bles superflus et les chargeurs encombrants ! En plus de sa taille r\u00e9duite, il n&rsquo;est pas n\u00e9cessaire de le brancher sur une prise \u00e9lectrique pour le faire fonctionner. Il suffit en effet de le connecter \u00e0 votre ordinateur par le biais du c\u00e2ble USB fourni et votre PC se chargera du reste. Vous n&rsquo;avez besoin que de ce c\u00e2ble pour \u00eatre imm\u00e9diatement op\u00e9rationnel, et cela, quel que soit l&rsquo;endroit o\u00f9 vous vous trouvez !\r\n<p class=\"ssttl\">Facile \u00e0 utiliser :<\/p>\r\nEn le posant directement devant votre clavier, vous pourrez taper vos documents ou bien encore lire vos emails tout en ayant acc\u00e8s aux touches de navigation de l&rsquo;appareil. Les curseurs routine situ\u00e9s au-dessus de chacune des 40 cellules de l&rsquo;afficheur vous permettront de placer votre curseur l\u00e0 o\u00f9 vous le souhaitez.\r\n<p class=\"ssttl\">Une compatibilit\u00e9 optimale :<\/p>\r\nLe seika 40 V4 \u00e9tant parfaitement compatible avec les revues d&rsquo;\u00e9cran du march\u00e9 telles que Jaws ou Window-Eyes, son utilisation n&rsquo;en sera que plus ais\u00e9e au sein d&rsquo;un environnement de travail que vous connaissez bien.\r\n<p class=\"ssttl\">Points forts :<\/p>\r\n\r\n<ul class=\"lst_product\">\r\n \t<li>Aucune alimentation \u00e9lectrique externe, tout est g\u00e9r\u00e9 par le port USB de l&rsquo;ordinateur par le biais d&rsquo;un seul et unique c\u00e2ble.<\/li>\r\n \t<li>Touches tr\u00e8s silencieuses.<\/li>\r\n \t<li>Simple \u00e0 installer et \u00e0 utiliser.<\/li>\r\n \t<li>Compact et l\u00e9ger.<\/li>\r\n \t<li>Prix tr\u00e8s comp\u00e9titif dans cette gamme de produits.<\/li>\r\n<\/ul>\r\n<h3 class=\"mttl\">Caract\u00e9ristiques techniques<\/h3>\r\n<ul class=\"lst_product\">\r\n \t<li>nombres de cellules braille : 40.<\/li>\r\n \t<li>Contr\u00f4les : 8 touches de fonction tr\u00e8s silencieuses.<\/li>\r\n \t<li>Interface : USB.<\/li>\r\n \t<li>2 ports USB pour connexion simultan\u00e9e \u00e0 un ordinateur et un autre p\u00e9riph\u00e9rique.<\/li>\r\n \t<li>Dimensions (largeur x hauteur x profondeur) : 35,5 x 12,7 x 2,5 cm.<\/li>\r\n \t<li>Poids : 640 g.<\/li>\r\n \t<li>Bluetooth<\/li>\r\n \t<li>Batteries lithium pour 6 heures d&rsquo;utilisation<\/li>\r\n<\/ul>","protected":false},"excerpt":{"rendered":"<h3>Le Seika 40 v4 est un afficheur braille alliant efficacit\u00e9 et simplicit\u00e9 d&rsquo;utilisation. Gr\u00e2ce \u00e0 ses 40 cellules braille et ses fonctions de navigation, il sera le compl\u00e9ment id\u00e9al de votre revue d&rsquo;\u00e9cran.<\/h3>","protected":false},"featured_media":163,"comment_status":"closed","ping_status":"closed","template":"","meta":[],"product_brand":[],"product_cat":[32,30],"product_tag":[],"class_list":{"0":"post-162","1":"product","2":"type-product","3":"status-publish","4":"has-post-thumbnail","6":"product_cat-afficheur-braille","7":"product_cat-cecite","9":"first","10":"instock","11":"taxable","12":"shipping-taxable","13":"product-type-simple"},"_links":{"self":[{"href":"https:\/\/cecitech.com\/index.php?rest_route=\/wp\/v2\/product\/162","targetHints":{"allow":["GET"]}}],"collection":[{"href":"https:\/\/cecitech.com\/index.php?rest_route=\/wp\/v2\/product"}],"about":[{"href":"https:\/\/cecitech.com\/index.php?rest_route=\/wp\/v2\/types\/product"}],"replies":[{"embeddable":true,"href":"https:\/\/cecitech.com\/index.php?rest_route=%2Fwp%2Fv2%2Fcomments&post=162"}],"wp:featuredmedia":[{"embeddable":true,"href":"https:\/\/cecitech.com\/index.php?rest_route=\/wp\/v2\/media\/163"}],"wp:attachment":[{"href":"https:\/\/cecitech.com\/index.php?rest_route=%2Fwp%2Fv2%2Fmedia&parent=162"}],"wp:term":[{"taxonomy":"product_brand","embeddable":true,"href":"https:\/\/cecitech.com\/index.php?rest_route=%2Fwp%2Fv2%2Fproduct_brand&post=162"},{"taxonomy":"product_cat","embeddable":true,"href":"https:\/\/cecitech.com\/index.php?rest_route=%2Fwp%2Fv2%2Fproduct_cat&post=162"},{"taxonomy":"product_tag","embeddable":true,"href":"https:\/\/cecitech.com\/index.php?rest_route=%2Fwp%2Fv2%2Fproduct_tag&post=162"}],"curies":[{"name":"wp","href":"https:\/\/api.w.org\/{rel}","templated":true}]}}