{"id":1567,"date":"2023-12-22T06:33:03","date_gmt":"2023-12-22T11:33:03","guid":{"rendered":"https:\/\/cecitech.com\/?post_type=product&#038;p=1567"},"modified":"2025-03-05T08:19:06","modified_gmt":"2025-03-05T13:19:06","slug":"cloverbook-xl-mate","status":"publish","type":"product","link":"https:\/\/cecitech.com\/?product=cloverbook-xl-mate","title":{"rendered":"CloverBook XL Mate"},"content":{"rendered":"<h1>DESCRIPTION<\/h1>\r\nLe Clover Book XL Mate est une maxi-loupe pliable qui offre un \u00e9cran 15,6\u00a0\u00bb. Il dispose d&rsquo;un \u00e9cran tactile, de la vue de pr\u00e8s, lecture vocale et \u00e9cran partag\u00e9 virtuel.\r\n\r\n<hr \/>\r\n\r\n<h3>LE CLOVER BOOK XL\u00a0 MATE EST PLIABLE, AVEC UN \u00c9CRAN PLUS GRAND<\/h3>\r\nCompte tenu de la taille et de la hauteur accrues de l&rsquo;appareil, l&rsquo;angle de l&rsquo;\u00e9cran peut \u00eatre ajust\u00e9 verticalement pour\u00a0<strong>une lecture plus confortable<\/strong>, ce qui est tr\u00e8s similaire \u00e0 un t\u00e9l\u00e9agrandisseur de bureau, mais en\u00a0<strong>plus flexible et plus compact.<\/strong>\r\n\r\n<hr \/>\r\n\r\n<h3>FONCTIONNALIT\u00c9 TEXT TO SPEECH<\/h3>\r\nLe moteur de reconnaissance optique de caract\u00e8res (OCR) int\u00e9gr\u00e9\u00a0<strong>reconna\u00eetra automatiquement le contenu dans diff\u00e9rentes langues<\/strong>\u00a0avec la taille de page pr\u00e9f\u00e9r\u00e9e de l&rsquo;utilisateur, et\u00a0<strong>le lira \u00e0 voix haute avec une voix naturelle<\/strong>\u00a0g\u00e9n\u00e9r\u00e9e par le moteur de synth\u00e8se vocale (TTS). Les options de lecture de la page compl\u00e8te et de la page actuelle sont prises en charge.\r\n\r\n<hr \/>\r\n\r\n<h3>PLEINE PAGE A4 ET A3<\/h3>\r\nAvec une cam\u00e9ra grand-angle 4K HD am\u00e9lior\u00e9e, l&rsquo;appareil peut prendre en charge le<strong>\u00a0mode vid\u00e9o en direct<\/strong>\u00a0pour les pages A4 et le\u00a0<strong>mode image fixe<\/strong>\u00a0pour les pages A3, permettant ainsi une lecture et<strong>\u00a0une reconnaissance optique de caract\u00e8res sans obstacles sur toute la page.<\/strong>\r\n\r\n<hr \/>\r\n\r\n<h3>SPLIT D&rsquo;\u00c9CRAN<\/h3>\r\nL&rsquo;\u00e9cran peut \u00eatre\u00a0<strong>virtuellement divis\u00e9 en deux vues<\/strong>\u00a0(vue \u00e0 distance et vue de pr\u00e8s) pour r\u00e9pondre aux besoins \u00e9ducatifs. La division physique de l&rsquo;\u00e9cran est prise en charge avec la connexion d&rsquo;<strong>un dispositif d&rsquo;affichage externe.<\/strong>\r\n\r\n<hr \/>\r\n\r\n<h3>BATTERIE AMOVIBLE ET REMPLA\u00c7ABLE<\/h3>\r\nLe pack de batterie Li-ion rechargeable\u00a0<strong>peut \u00eatre enti\u00e8rement remplac\u00e9<\/strong>\u00a0en tant que module d\u00e9tachable, ce qui prolongera consid\u00e9rablement la dur\u00e9e de vie de votre appareil.\r\n\r\n<hr \/>\r\n\r\n<h3>UTILISATION TACTILE<\/h3>\r\nLes<strong>\u00a0boutons physiques<\/strong>\u00a0et la\u00a0<strong>gestuelle sur l&rsquo;\u00e9cran tactile avec retour audio<\/strong>\u00a0sont tous deux pris en charge, de sorte que l&rsquo;utilisateur peut\u00a0<strong>choisir l&rsquo;interaction la plus pratique en fonction de ses pr\u00e9f\u00e9rences.<\/strong>\r\n\r\n<hr \/>\r\n\r\n<h3>DESIGN MODULABLE<\/h3>\r\nLa conception int\u00e9gr\u00e9e avec\u00a0<strong>bras pliable et poign\u00e9e de levage<\/strong>\u00a0le rend tr\u00e8s pratique \u00e0 transporter partout. Apr\u00e8s une manipulation rapide, il\u00a0<strong>se transforme imm\u00e9diatement en un appareil de bureau<\/strong>\u00a0avec un grand \u00e9cran et un espace de lecture et d&rsquo;\u00e9criture suffisant.\r\n\r\n<hr \/>\r\n\r\n<h1>CARACT\u00c9RISTIQUES<\/h1>\r\n<ul>\r\n \t<li>\u00c9cran de 15,6\u2019\u2019 tactile, haute r\u00e9solution (1920 * 1080).<\/li>\r\n \t<li>Cam\u00e9ra Ultra HD 4K autofocus 3840 * 2160<\/li>\r\n \t<li>Vision de pr\u00e8s : grossissement (1,4x \u00e0 56x).<\/li>\r\n \t<li>Mode couleur r\u00e9elle, 16 modes \u00e0 forts contraste compl\u00e9mentaires.<\/li>\r\n \t<li>Lignage\/ masque, fen\u00eatrage ajustables.<\/li>\r\n \t<li>Contraste\/luminosit\u00e9 ajustables.<\/li>\r\n \t<li>\u00c9clairage \u00e0 LED (droite\/ gauche ; on\/ off).<\/li>\r\n \t<li>Panoramique en direct : figer \/ recadrer l&rsquo;image stock\u00e9e.<\/li>\r\n \t<li>M\u00e9moire automatique : sauvegarde des r\u00e9glages du dernier utilisateur.<\/li>\r\n \t<li>Autonomie de la batterie\u00a0 : 4h30.<\/li>\r\n \t<li>\u00c9cran tactile.<\/li>\r\n \t<li>OCR &#8211; lecture vocale<\/li>\r\n \t<li>\u00c9cran partag\u00e9 virtuel (non physique).<\/li>\r\n \t<li>Connexion HDMI.<\/li>\r\n<\/ul>","protected":false},"excerpt":{"rendered":"<h3>CloverBook XL Mate<\/h3>\r\n<h5>La conception int\u00e9gr\u00e9e avec\u00a0<strong>bras pliable et poign\u00e9e de levage<\/strong>\u00a0le rend tr\u00e8s pratique \u00e0 transporter partout.<\/h5>","protected":false},"featured_media":1568,"comment_status":"open","ping_status":"closed","template":"","meta":[],"product_brand":[],"product_cat":[33,37],"product_tag":[],"class_list":{"0":"post-1567","1":"product","2":"type-product","3":"status-publish","4":"has-post-thumbnail","6":"product_cat-basse-vision","7":"product_cat-video-loupes-de-poche","9":"first","10":"instock","11":"taxable","12":"shipping-taxable","13":"product-type-simple"},"_links":{"self":[{"href":"https:\/\/cecitech.com\/index.php?rest_route=\/wp\/v2\/product\/1567","targetHints":{"allow":["GET"]}}],"collection":[{"href":"https:\/\/cecitech.com\/index.php?rest_route=\/wp\/v2\/product"}],"about":[{"href":"https:\/\/cecitech.com\/index.php?rest_route=\/wp\/v2\/types\/product"}],"replies":[{"embeddable":true,"href":"https:\/\/cecitech.com\/index.php?rest_route=%2Fwp%2Fv2%2Fcomments&post=1567"}],"wp:featuredmedia":[{"embeddable":true,"href":"https:\/\/cecitech.com\/index.php?rest_route=\/wp\/v2\/media\/1568"}],"wp:attachment":[{"href":"https:\/\/cecitech.com\/index.php?rest_route=%2Fwp%2Fv2%2Fmedia&parent=1567"}],"wp:term":[{"taxonomy":"product_brand","embeddable":true,"href":"https:\/\/cecitech.com\/index.php?rest_route=%2Fwp%2Fv2%2Fproduct_brand&post=1567"},{"taxonomy":"product_cat","embeddable":true,"href":"https:\/\/cecitech.com\/index.php?rest_route=%2Fwp%2Fv2%2Fproduct_cat&post=1567"},{"taxonomy":"product_tag","embeddable":true,"href":"https:\/\/cecitech.com\/index.php?rest_route=%2Fwp%2Fv2%2Fproduct_tag&post=1567"}],"curies":[{"name":"wp","href":"https:\/\/api.w.org\/{rel}","templated":true}]}}