{"id":150,"date":"2016-11-09T08:30:51","date_gmt":"2016-11-09T04:30:51","guid":{"rendered":"http:\/\/cecitech.com\/wp\/?post_type=product&#038;p=150"},"modified":"2023-07-13T06:20:36","modified_gmt":"2023-07-13T11:20:36","slug":"dragon-dictate-2-0-reconnaissance-vocale","status":"publish","type":"product","link":"https:\/\/cecitech.com\/?product=dragon-dictate-2-0-reconnaissance-vocale","title":{"rendered":"Dragon dictate 2.0"},"content":{"rendered":"<h1 class=\"mttl\">Fonctionnalit\u00e9s<\/h1>\r\nUn logiciel compatible MAC pour transcrire automatiquement toutes vos paroles sur l&rsquo;\u00e9cran de votre ordinateur, dans tous vos documents (lettres, rapports, emails&#8230;).\r\n\r\nD\u00e9velopp\u00e9 sp\u00e9cialement pour l\u2019environnement MAC, cette solution de reconnaissance vocale permet de transcrire vos paroles dans vos applications habituelles telles que traitement de texte, tableurs, applications email, programme de chat, programmes des familles iWork et ILife d\u2019Apple.\r\n<ul class=\"lst_product\">\r\n \t<li>R\u00e9daction, dict\u00e9e et modification plus rapide que la vitesse de frappe moyenne,<\/li>\r\n \t<li>Contr\u00f4le par la voix des applications Finder, TextEdit, Safari, iChat, iCal&#8230;,<\/li>\r\n \t<li>Commandes dynamiques comme \u00ab D\u00e9marrer \u00bb, \u00ab Quitter \u00bb&#8230;,<\/li>\r\n \t<li>Possibilit\u00e9 d\u2019int\u00e9grer des nouvelles commandes,<\/li>\r\n \t<li>Livr\u00e9 avec un micro-casque USB de haute qualit\u00e9<\/li>\r\n<\/ul>\r\n<h1 class=\"sttl\">Caract\u00e9ristiques techniques<\/h1>\r\n<h3 class=\"ssttl\">Configuration requise :<\/h3>\r\n<ul class=\"lst_product\">\r\n \t<li>Ordinateur Macintosh avec processeur Intel Mac Core Solo.<\/li>\r\n \t<li>2048MO RAM<\/li>\r\n \t<li>3.1GO espace disque<\/li>\r\n \t<li>Mac OS X 10.6<\/li>\r\n \t<li>Lecteur de DVD-ROM pour l\u2019installation<\/li>\r\n \t<li>Connexion \u00e0 Internet pour activation du produit.<\/li>\r\n<\/ul>","protected":false},"excerpt":{"rendered":"<h3>Un logiciel de dict\u00e9e vocale compatible MAC pour transcrire automatiquement toutes vos paroles sur l&rsquo;\u00e9cran de votre ordinateur, dans tous vos documents (lettres, rapports, emails&#8230;).<\/h3>","protected":false},"featured_media":151,"comment_status":"closed","ping_status":"closed","template":"","meta":[],"product_brand":[],"product_cat":[30,31],"product_tag":[],"class_list":{"0":"post-150","1":"product","2":"type-product","3":"status-publish","4":"has-post-thumbnail","6":"product_cat-cecite","7":"product_cat-logiciels-cecite","9":"first","10":"instock","11":"taxable","12":"shipping-taxable","13":"product-type-simple"},"_links":{"self":[{"href":"https:\/\/cecitech.com\/index.php?rest_route=\/wp\/v2\/product\/150","targetHints":{"allow":["GET"]}}],"collection":[{"href":"https:\/\/cecitech.com\/index.php?rest_route=\/wp\/v2\/product"}],"about":[{"href":"https:\/\/cecitech.com\/index.php?rest_route=\/wp\/v2\/types\/product"}],"replies":[{"embeddable":true,"href":"https:\/\/cecitech.com\/index.php?rest_route=%2Fwp%2Fv2%2Fcomments&post=150"}],"wp:featuredmedia":[{"embeddable":true,"href":"https:\/\/cecitech.com\/index.php?rest_route=\/wp\/v2\/media\/151"}],"wp:attachment":[{"href":"https:\/\/cecitech.com\/index.php?rest_route=%2Fwp%2Fv2%2Fmedia&parent=150"}],"wp:term":[{"taxonomy":"product_brand","embeddable":true,"href":"https:\/\/cecitech.com\/index.php?rest_route=%2Fwp%2Fv2%2Fproduct_brand&post=150"},{"taxonomy":"product_cat","embeddable":true,"href":"https:\/\/cecitech.com\/index.php?rest_route=%2Fwp%2Fv2%2Fproduct_cat&post=150"},{"taxonomy":"product_tag","embeddable":true,"href":"https:\/\/cecitech.com\/index.php?rest_route=%2Fwp%2Fv2%2Fproduct_tag&post=150"}],"curies":[{"name":"wp","href":"https:\/\/api.w.org\/{rel}","templated":true}]}}