{"id":1329,"date":"2023-04-11T07:12:53","date_gmt":"2023-04-11T12:12:53","guid":{"rendered":"https:\/\/cecitech.com\/?post_type=product&#038;p=1329"},"modified":"2025-04-14T08:42:54","modified_gmt":"2025-04-14T13:42:54","slug":"brailliant-bi-20x-afficheur-braille","status":"publish","type":"product","link":"https:\/\/cecitech.com\/?product=brailliant-bi-20x-afficheur-braille","title":{"rendered":"Brailliant BI 20X Afficheur braille"},"content":{"rendered":"<h1 id=\"tw-target-text\" class=\"tw-data-text tw-text-large tw-ta\" dir=\"ltr\" data-placeholder=\"Translation\"><span class=\"Y2IQFc\" lang=\"fr\">Les choses intelligentes viennent dans de petits paquets.<\/span><\/h1>\r\n<p id=\"tw-target-text\" class=\"tw-data-text tw-text-large tw-ta\" dir=\"ltr\" data-placeholder=\"Translation\"><span class=\"Y2IQFc\" lang=\"fr\">Brailliant BI 20X est l&rsquo;afficheur braille portable \u00e0 20 cellules id\u00e9al que vous pouvez coupler avec vos appareils pr\u00e9f\u00e9r\u00e9s ou utiliser avec des applications autonomes. La s\u00e9rie d&rsquo;afficheurs braille Brailliant BI X est la premi\u00e8re \u00e0 inclure la synth\u00e8se vocale, vous rapprochant d&rsquo;une sensation de prise de notes hybride. En personnalisant les fonctionnalit\u00e9s, vous maximisez votre plaisir de lecture tout en restant connect\u00e9 lors de vos d\u00e9placements.<\/span><\/p>\r\n<p id=\"tw-target-text\" class=\"tw-data-text tw-text-large tw-ta\" dir=\"ltr\" data-placeholder=\"Translation\"><span class=\"Y2IQFc\" lang=\"fr\">Le Brailliant BI 20X est un afficheur braille rafra\u00eechissable intelligent et compact \u00e0 20 cellules con\u00e7u pour vous apporter mobilit\u00e9, confort et efficacit\u00e9 \u00e0 tout moment. En vous permettant de dire le mot sous le curseur et d&rsquo;annoncer un mot inconnu, la fonction de synth\u00e8se vocale favorise la ma\u00eetrise du braille, ce qui facilite le passage du braille non contract\u00e9 au braille contract\u00e9. Vous pouvez personnaliser le menu principal, configurer les touches du pouce, s\u00e9lectionner la table braille et r\u00e9gler la vitesse de d\u00e9filement automatique en fonction de vos pr\u00e9f\u00e9rences de lecture et maximiser votre confort.<\/span><\/p>\r\n<p id=\"tw-target-text\" class=\"tw-data-text tw-text-large tw-ta\" dir=\"ltr\" data-placeholder=\"Translation\"><span class=\"Y2IQFc\" lang=\"fr\">Les touches de pouce signature de HumanWare rendent la lecture sans effort, tandis que l&rsquo;application d&rsquo;\u00e9dition KeySoft Lite fait de la prise de notes discr\u00e8te un plaisir. Avec 16 Go de stockage interne utilisable et la traduction int\u00e9gr\u00e9e incluse assurant la compatibilit\u00e9 avec diff\u00e9rents types de fichiers, la gestion des donn\u00e9es n&rsquo;a jamais \u00e9t\u00e9 aussi facile. Une fois coupl\u00e9 avec votre lecteur d&rsquo;\u00e9cran via des connexions Bluetooth ou USB, l&rsquo;envoi par e-mail, l&rsquo;enregistrement et le transfert de documents de diff\u00e9rents types de fichiers ne pourraient pas \u00eatre plus faciles. \u00c9tant donn\u00e9 que les choses intelligentes sont livr\u00e9es dans de petits emballages, le Brailliant BI 20X est votre compagnon de voyage braille id\u00e9al.<\/span><\/p>\r\n\r\n<h1 id=\"tw-target-text\" class=\"tw-data-text tw-text-large tw-ta\" dir=\"ltr\" data-placeholder=\"Translation\"><span class=\"Y2IQFc\" lang=\"fr\">Caract\u00e9ristiques <\/span><\/h1>\r\n<h3 class=\"tw-data-text tw-text-large tw-ta\" dir=\"ltr\" data-placeholder=\"Translation\"><span class=\"Y2IQFc\" lang=\"fr\">Sp\u00e9cifications fonctionnelles <\/span><\/h3>\r\n<ul>\r\n \t<li class=\"tw-data-text tw-text-large tw-ta\" dir=\"ltr\" data-placeholder=\"Translation\"><span class=\"Y2IQFc\" lang=\"fr\">Afficheur braille 20 cellules avec touches de routage du curseur <\/span><\/li>\r\n \t<li class=\"tw-data-text tw-text-large tw-ta\" dir=\"ltr\" data-placeholder=\"Translation\"><span class=\"Y2IQFc\" lang=\"fr\">Se connecte \u00e0 5 appareils Bluetooth et 1 appareil USB simultan\u00e9ment <\/span><\/li>\r\n \t<li class=\"tw-data-text tw-text-large tw-ta\" dir=\"ltr\" data-placeholder=\"Translation\"><span class=\"Y2IQFc\" lang=\"fr\">R\u00e9veiller la fonction iOS <\/span><\/li>\r\n \t<li class=\"tw-data-text tw-text-large tw-ta\" dir=\"ltr\" data-placeholder=\"Translation\"><span class=\"Y2IQFc\" lang=\"fr\">Text-to-speech (TTS) \u2013 s&rsquo;applique uniquement aux langues syst\u00e8me anglais, espagnol et fran\u00e7ais.<\/span><\/li>\r\n \t<li class=\"tw-data-text tw-text-large tw-ta\" dir=\"ltr\" data-placeholder=\"Translation\"><span class=\"Y2IQFc\" lang=\"fr\">Connectez-vous aux biblioth\u00e8ques en ligne participantes, y compris Bookshare, NLS BARD et NF<\/span><span class=\"Y2IQFc\" lang=\"fr\">\u00a0Newsline<\/span><\/li>\r\n \t<li class=\"tw-data-text tw-text-large tw-ta\" dir=\"ltr\" data-placeholder=\"Translation\"><span class=\"Y2IQFc\" lang=\"fr\">Mode gouvernement (en option \u00e0 l&rsquo;achat) <\/span><\/li>\r\n \t<li class=\"tw-data-text tw-text-large tw-ta\" dir=\"ltr\" data-placeholder=\"Translation\"><span class=\"Y2IQFc\" lang=\"fr\">Mode examen<\/span><\/li>\r\n \t<li class=\"tw-data-text tw-text-large tw-ta\" dir=\"ltr\" data-placeholder=\"Translation\"><span class=\"Y2IQFc\" lang=\"fr\">Applications embarqu\u00e9es optimis\u00e9es par KeySoft Lite <\/span><\/li>\r\n \t<li class=\"tw-data-text tw-text-large tw-ta\" dir=\"ltr\" data-placeholder=\"Translation\"><span class=\"Y2IQFc\" lang=\"fr\">Lecture audio non prot\u00e9g\u00e9e en marguerite<\/span><\/li>\r\n \t<li class=\"tw-data-text tw-text-large tw-ta\" dir=\"ltr\" data-placeholder=\"Translation\"><span class=\"Y2IQFc\" lang=\"fr\">Applications embarqu\u00e9es optimis\u00e9es par KeySoft Lite, y compris Daisy BookReader et Editor <\/span><\/li>\r\n \t<li class=\"tw-data-text tw-text-large tw-ta\" dir=\"ltr\" data-placeholder=\"Translation\"><span class=\"Y2IQFc\" lang=\"fr\">Plus de 250 tables de braille linguistiques int\u00e9gr\u00e9es <\/span><\/li>\r\n \t<li class=\"tw-data-text tw-text-large tw-ta\" dir=\"ltr\" data-placeholder=\"Translation\"><span class=\"Y2IQFc\" lang=\"fr\">La compatibilit\u00e9 des fichiers inclut docx, brf, brl, txt, html et pdf<\/span><\/li>\r\n \t<li class=\"tw-data-text tw-text-large tw-ta\" dir=\"ltr\" data-placeholder=\"Translation\"><span class=\"Y2IQFc\" lang=\"fr\">Touches de pouce de signature HumanWare pour une lecture ergonomique <\/span><\/li>\r\n \t<li class=\"tw-data-text tw-text-large tw-ta\" dir=\"ltr\" data-placeholder=\"Translation\"><span class=\"Y2IQFc\" lang=\"fr\">Clavier Perkins 8 points avec 2 barres d&rsquo;espace <\/span><\/li>\r\n \t<li class=\"tw-data-text tw-text-large tw-ta\" dir=\"ltr\" data-placeholder=\"Translation\"><span class=\"Y2IQFc\" lang=\"fr\">Autonomie de la batterie : 20 heures<\/span><\/li>\r\n<\/ul>\r\n<p id=\"tw-target-text\" class=\"tw-data-text tw-text-large tw-ta\" dir=\"ltr\" data-placeholder=\"Translation\"><span class=\"Y2IQFc\" lang=\"fr\">Compatibilit\u00e9 du lecteur d&rsquo;\u00e9cran avec JAWS 18 et sup\u00e9rieur, Dolphin SuperNova, NVDA, <\/span><\/p>\r\n<p class=\"tw-data-text tw-text-large tw-ta\" dir=\"ltr\" data-placeholder=\"Translation\"><span class=\"Y2IQFc\" lang=\"fr\">VoiceOver iOS et MAC iOS<\/span><\/p>\r\n\r\n<h3 id=\"tw-target-text\" class=\"tw-data-text tw-text-large tw-ta\" dir=\"ltr\" data-placeholder=\"Translation\"><span class=\"Y2IQFc\" lang=\"fr\">Applications: <\/span><\/h3>\r\n<ul>\r\n \t<li class=\"tw-data-text tw-text-large tw-ta\" dir=\"ltr\" data-placeholder=\"Translation\"><span class=\"Y2IQFc\" lang=\"fr\">Terminal <\/span><\/li>\r\n \t<li class=\"tw-data-text tw-text-large tw-ta\" dir=\"ltr\" data-placeholder=\"Translation\"><span class=\"Y2IQFc\" lang=\"fr\">\u00c9diteur\u00a0: clavier <\/span><\/li>\r\n \t<li class=\"tw-data-text tw-text-large tw-ta\" dir=\"ltr\" data-placeholder=\"Translation\"><span class=\"Y2IQFc\" lang=\"fr\">Editeur braille : KeyBrf <\/span><\/li>\r\n \t<li class=\"tw-data-text tw-text-large tw-ta\" dir=\"ltr\" data-placeholder=\"Translation\"><span class=\"Y2IQFc\" lang=\"fr\">Calculatrice\u00a0: KeyCalc <\/span><\/li>\r\n \t<li class=\"tw-data-text tw-text-large tw-ta\" dir=\"ltr\" data-placeholder=\"Translation\"><span class=\"Y2IQFc\" lang=\"fr\">Date et l&rsquo;heure <\/span><\/li>\r\n \t<li class=\"tw-data-text tw-text-large tw-ta\" dir=\"ltr\" data-placeholder=\"Translation\"><span class=\"Y2IQFc\" lang=\"fr\">Biblioth\u00e8ques en ligne <\/span><\/li>\r\n \t<li class=\"tw-data-text tw-text-large tw-ta\" dir=\"ltr\" data-placeholder=\"Translation\"><span class=\"Y2IQFc\" lang=\"fr\">Victor Lecteur<\/span><\/li>\r\n<\/ul>\r\n<h3><strong>Langues syst\u00e8me prises en charge (y compris la traduction du menu)\u00a0: <\/strong><\/h3>\r\n<ul>\r\n \t<li>Anglais<\/li>\r\n \t<li>Fran\u00e7ais fr<\/li>\r\n \t<li>Ca fran\u00e7ais<\/li>\r\n \t<li>N\u00e9erlandais<\/li>\r\n \t<li>Allemand<\/li>\r\n \t<li>Espagnol<\/li>\r\n \t<li>italien<\/li>\r\n \t<li>slov\u00e8ne<\/li>\r\n \t<li>arabe<\/li>\r\n \t<li>su\u00e9dois<\/li>\r\n \t<li>norv\u00e9gien<\/li>\r\n \t<li>polonais<\/li>\r\n \t<li>tch\u00e8que<\/li>\r\n \t<li>Br\u00e9sil portugais<\/li>\r\n<\/ul>\r\n<h3 id=\"tw-target-text\" class=\"tw-data-text tw-text-large tw-ta\" dir=\"ltr\" data-placeholder=\"Translation\"><span class=\"Y2IQFc\" lang=\"fr\">Sp\u00e9cifications physiques <\/span><\/h3>\r\n<ul>\r\n \t<li class=\"tw-data-text tw-text-large tw-ta\" dir=\"ltr\" data-placeholder=\"Translation\"><span class=\"Y2IQFc\" lang=\"fr\">Poids de l&rsquo;appareil : 400 g <\/span><\/li>\r\n \t<li class=\"tw-data-text tw-text-large tw-ta\" dir=\"ltr\" data-placeholder=\"Translation\"><span class=\"Y2IQFc\" lang=\"fr\">Dimensions de l&rsquo;appareil (L x l x \u00e9) : 93 mm x 182 mm x 23 mm <\/span><\/li>\r\n \t<li class=\"tw-data-text tw-text-large tw-ta\" dir=\"ltr\" data-placeholder=\"Translation\"><span class=\"Y2IQFc\" lang=\"fr\">Batterie amovible<\/span><\/li>\r\n<\/ul>\r\n<h3 id=\"tw-target-text\" class=\"tw-data-text tw-text-large tw-ta\" dir=\"ltr\" data-placeholder=\"Translation\"><span class=\"Y2IQFc\" lang=\"fr\">Sp\u00e9cifications techniques <\/span><\/h3>\r\n<ul>\r\n \t<li class=\"tw-data-text tw-text-large tw-ta\" dir=\"ltr\" data-placeholder=\"Translation\"><span class=\"Y2IQFc\" lang=\"fr\">256 Mo de m\u00e9moire RAM <\/span><\/li>\r\n \t<li class=\"tw-data-text tw-text-large tw-ta\" dir=\"ltr\" data-placeholder=\"Translation\"><span class=\"Y2IQFc\" lang=\"fr\">4 Go de capacit\u00e9 de stockage interne pour servir de p\u00e9riph\u00e9rique de d\u00e9marrage, de micrologiciel et de stockage de donn\u00e9es <\/span><\/li>\r\n \t<li class=\"tw-data-text tw-text-large tw-ta\" dir=\"ltr\" data-placeholder=\"Translation\"><span class=\"Y2IQFc\" lang=\"fr\">Codec audio avec contr\u00f4le du volume et prise audio <\/span><\/li>\r\n \t<li class=\"tw-data-text tw-text-large tw-ta\" dir=\"ltr\" data-placeholder=\"Translation\"><span class=\"Y2IQFc\" lang=\"fr\">Codec audio avec contr\u00f4le du volume et prise audio (actuellement inactif) <\/span><\/li>\r\n \t<li class=\"tw-data-text tw-text-large tw-ta\" dir=\"ltr\" data-placeholder=\"Translation\"><span class=\"Y2IQFc\" lang=\"fr\">Batterie Li-Ion rechargeable et rempla\u00e7able par l&rsquo;utilisateur (1500 mAh). <\/span><\/li>\r\n \t<li class=\"tw-data-text tw-text-large tw-ta\" dir=\"ltr\" data-placeholder=\"Translation\"><span class=\"Y2IQFc\" lang=\"fr\">Chargeur de batterie int\u00e9gr\u00e9 <\/span><span class=\"Y2IQFc\" lang=\"fr\">Interface haut d\u00e9bit <\/span><\/li>\r\n \t<li class=\"tw-data-text tw-text-large tw-ta\" dir=\"ltr\" data-placeholder=\"Translation\"><span class=\"Y2IQFc\" lang=\"fr\">USB 2.0 type C pour connexion \u00e0 un ordinateur et recharge <\/span><span class=\"Y2IQFc\" lang=\"fr\">H\u00f4te <\/span><\/li>\r\n \t<li class=\"tw-data-text tw-text-large tw-ta\" dir=\"ltr\" data-placeholder=\"Translation\"><span class=\"Y2IQFc\" lang=\"fr\">USB 2.0 type A pour connecter une cl\u00e9 <\/span><span class=\"Y2IQFc\" lang=\"fr\">USB externe <\/span><\/li>\r\n \t<li class=\"tw-data-text tw-text-large tw-ta\" dir=\"ltr\" data-placeholder=\"Translation\"><span class=\"Y2IQFc\" lang=\"fr\">Horloge en temps r\u00e9el avec batterie de secours rechargeable. <\/span><\/li>\r\n \t<li class=\"tw-data-text tw-text-large tw-ta\" dir=\"ltr\" data-placeholder=\"Translation\"><span class=\"Y2IQFc\" lang=\"fr\">Prise de carte SD accessible \u00e0 l&rsquo;utilisateur prenant en charge SD, SDHC et SDXC.<\/span><\/li>\r\n \t<li class=\"tw-data-text tw-text-large tw-ta\" dir=\"ltr\" data-placeholder=\"Translation\"><span class=\"Y2IQFc\" lang=\"fr\">Module sans fil 801.11b\/g\/n pour la connectivit\u00e9 <\/span><span class=\"Y2IQFc\" lang=\"fr\">Wi-Fi (2,4 GHz) et Bluetooth 4.2 <\/span><\/li>\r\n \t<li class=\"tw-data-text tw-text-large tw-ta\" dir=\"ltr\" data-placeholder=\"Translation\"><span class=\"Y2IQFc\" lang=\"fr\">Moteur vibrant pour retour haptique <\/span><\/li>\r\n \t<li class=\"tw-data-text tw-text-large tw-ta\" dir=\"ltr\" data-placeholder=\"Translation\"><span class=\"Y2IQFc\" lang=\"fr\">Buzzer pi\u00e9zo pour un retour sonore<\/span><\/li>\r\n \t<li id=\"tw-target-text\" class=\"tw-data-text tw-text-large tw-ta\" dir=\"ltr\" data-placeholder=\"Translation\"><strong><span class=\"Y2IQFc\" lang=\"fr\">2 ans de garantie<\/span><\/strong><\/li>\r\n<\/ul>\r\n<p dir=\"ltr\" data-placeholder=\"Translation\"><\/p>","protected":false},"excerpt":{"rendered":"<h1>Brailliant BI 20X braille display<\/h1>\r\n<h3><span class=\"Y2IQFc\" lang=\"fr\">Le Brailliant BI 20X est un afficheur braille rafra\u00eechissable intelligent et compact \u00e0 20 cellules con\u00e7u pour vous apporter mobilit\u00e9, confort et efficacit\u00e9 \u00e0 tout moment.<\/span><\/h3>","protected":false},"featured_media":1330,"comment_status":"open","ping_status":"closed","template":"","meta":[],"product_brand":[],"product_cat":[32,30],"product_tag":[],"class_list":{"0":"post-1329","1":"product","2":"type-product","3":"status-publish","4":"has-post-thumbnail","6":"product_cat-afficheur-braille","7":"product_cat-cecite","9":"first","10":"instock","11":"taxable","12":"shipping-taxable","13":"product-type-simple"},"_links":{"self":[{"href":"https:\/\/cecitech.com\/index.php?rest_route=\/wp\/v2\/product\/1329","targetHints":{"allow":["GET"]}}],"collection":[{"href":"https:\/\/cecitech.com\/index.php?rest_route=\/wp\/v2\/product"}],"about":[{"href":"https:\/\/cecitech.com\/index.php?rest_route=\/wp\/v2\/types\/product"}],"replies":[{"embeddable":true,"href":"https:\/\/cecitech.com\/index.php?rest_route=%2Fwp%2Fv2%2Fcomments&post=1329"}],"wp:featuredmedia":[{"embeddable":true,"href":"https:\/\/cecitech.com\/index.php?rest_route=\/wp\/v2\/media\/1330"}],"wp:attachment":[{"href":"https:\/\/cecitech.com\/index.php?rest_route=%2Fwp%2Fv2%2Fmedia&parent=1329"}],"wp:term":[{"taxonomy":"product_brand","embeddable":true,"href":"https:\/\/cecitech.com\/index.php?rest_route=%2Fwp%2Fv2%2Fproduct_brand&post=1329"},{"taxonomy":"product_cat","embeddable":true,"href":"https:\/\/cecitech.com\/index.php?rest_route=%2Fwp%2Fv2%2Fproduct_cat&post=1329"},{"taxonomy":"product_tag","embeddable":true,"href":"https:\/\/cecitech.com\/index.php?rest_route=%2Fwp%2Fv2%2Fproduct_tag&post=1329"}],"curies":[{"name":"wp","href":"https:\/\/api.w.org\/{rel}","templated":true}]}}