{"id":1288,"date":"2023-03-21T06:39:30","date_gmt":"2023-03-21T11:39:30","guid":{"rendered":"https:\/\/cecitech.com\/?post_type=product&#038;p=1288"},"modified":"2023-03-21T06:39:30","modified_gmt":"2023-03-21T11:39:30","slug":"milestone-212-ace-de-bones-le-joueur-de-livres","status":"publish","type":"product","link":"https:\/\/cecitech.com\/?product=milestone-212-ace-de-bones-le-joueur-de-livres","title":{"rendered":"Milestone 212 Ace de Bones \u00a0\u00bbLe joueur de livres\u00a0\u00bb"},"content":{"rendered":"<h4 id=\"tw-target-text\" class=\"tw-data-text tw-text-large tw-ta\" dir=\"ltr\" data-placeholder=\"Translation\"><span class=\"Y2IQFc\" lang=\"fr\">Les rats de biblioth\u00e8que sont rouge rubis ! Du moins dans le monde des lecteurs de livres parl\u00e9s. <\/span><\/h4>\r\n<p class=\"tw-data-text tw-text-large tw-ta\" dir=\"ltr\" data-placeholder=\"Translation\"><span class=\"Y2IQFc\" lang=\"fr\">Notre Milestone 212 Ace est le rat de biblioth\u00e8que de la famille Milestone, d\u00e9velopp\u00e9 selon les souhaits de nos clients : Combinant les 3 applications les plus populaires dans un appareil portable programm\u00e9 en mettant l&rsquo;accent sur la vraie simplicit\u00e9. Cela signifie une manipulation plus simple sans aucun gadget.<\/span><\/p>\r\n<p id=\"tw-target-text\" class=\"tw-data-text tw-text-large tw-ta\" dir=\"ltr\" data-placeholder=\"Translation\"><span class=\"Y2IQFc\" lang=\"fr\">Dans l&rsquo;application \u00ab\u00a0Livres\u00a0\u00bb, Milestone 212 vous ouvre le monde complet des livres parl\u00e9s num\u00e9riques. Vous pouvez \u00e9couter des livres parl\u00e9s dans plusieurs formats et \u00e0 la vitesse de lecture que vous pr\u00e9f\u00e9rez. Milestone est le lecteur de livres DAISY le plus portable du march\u00e9 et vous permet de mettre toute votre biblioth\u00e8que de livres dans votre poche. Passer \u00e0 l&rsquo;application musicale Milestone 212 vous offre une qualit\u00e9 CD et jusqu&rsquo;\u00e0 20 heures d&rsquo;\u00e9coute avec une seule charge de batterie.<\/span><\/p>\r\n<p id=\"tw-target-text\" class=\"tw-data-text tw-text-large tw-ta\" dir=\"ltr\" data-placeholder=\"Translation\"><span class=\"Y2IQFc\" lang=\"fr\">L&rsquo;application d&rsquo;enregistrement vocal a \u00e9t\u00e9 compl\u00e8tement adopt\u00e9e par le Milestone 112 Ace, qui est connu pour sa facilit\u00e9 d&rsquo;utilisation et la haute qualit\u00e9 des enregistrements. Outre le microphone int\u00e9gr\u00e9, vous pouvez \u00e9galement connecter votre propre microphone pour cr\u00e9er des enregistrements haut de gamme. La m\u00e9moire interne de 12 Go stocke vos enregistrements vocaux avec une capacit\u00e9 presque illimit\u00e9e. Les livres et la musique peuvent \u00eatre enregistr\u00e9s sur des cartes m\u00e9moire SD jusqu&rsquo;\u00e0 32 GB.<\/span><\/p>\r\n\r\n<h4 id=\"tw-target-text\" class=\"tw-data-text tw-text-large tw-ta\" dir=\"ltr\" data-placeholder=\"Translation\"><span class=\"Y2IQFc\" lang=\"fr\">Tu veux plus? <\/span><\/h4>\r\n<p class=\"tw-data-text tw-text-large tw-ta\" dir=\"ltr\" data-placeholder=\"Translation\"><span class=\"Y2IQFc\" lang=\"fr\">Avec nos modules compl\u00e9mentaires, vous recevez des applications que vous n&rsquo;obtenez g\u00e9n\u00e9ralement que dans un gadget autonome sp\u00e9cialis\u00e9. Le Milestone 212 Ace est compatible avec le lecteur couleur \u00ab\u00a0Fame\u00a0\u00bb. En le connectant \u00e0 Milestone, Fame reconna\u00eet les couleurs, les structures et les sources lumineuses.\u00a0<\/span><\/p>\r\n\r\n<h3 id=\"tw-target-text\" class=\"tw-data-text tw-text-large tw-ta\" dir=\"ltr\" data-placeholder=\"Translation\"><span class=\"Y2IQFc\" lang=\"fr\">Sp\u00e9cification.<\/span><\/h3>\r\n<ul>\r\n \t<li class=\"tw-data-text tw-text-large tw-ta\" dir=\"ltr\" data-placeholder=\"Translation\"><span class=\"Y2IQFc\" lang=\"fr\">Applications : lecteur de livre parl\u00e9, lecteur de musique et de texte, enregistreur vocal. <\/span><\/li>\r\n \t<li class=\"tw-data-text tw-text-large tw-ta\" dir=\"ltr\" data-placeholder=\"Translation\"><span class=\"Y2IQFc\" lang=\"fr\">Add-Ons : Mat\u00e9riel optionnel connectable avec Milestone : Lecteur couleur \u00ab\u00a0Fame\u00a0\u00bb. <\/span><\/li>\r\n \t<li class=\"tw-data-text tw-text-large tw-ta\" dir=\"ltr\" data-placeholder=\"Translation\"><span class=\"Y2IQFc\" lang=\"fr\">Formats audio et texte : MP3, AAC, M4A, WMA, WAV, MP4, M4V, TXT. <\/span><\/li>\r\n \t<li class=\"tw-data-text tw-text-large tw-ta\" dir=\"ltr\" data-placeholder=\"Translation\"><span class=\"Y2IQFc\" lang=\"fr\">Formats de livre : DAISY 2.02, DAISY 3.0, EPUB 2, EPUB 3, Audible AAX\/AA, NLS, Bookshare. <\/span><\/li>\r\n \t<li class=\"tw-data-text tw-text-large tw-ta\" dir=\"ltr\" data-placeholder=\"Translation\"><span class=\"Y2IQFc\" lang=\"fr\">M\u00e9moire interne pour les enregistrements : 12 GB (environ 420 heures).<\/span><\/li>\r\n \t<li class=\"tw-data-text tw-text-large tw-ta\" dir=\"ltr\" data-placeholder=\"Translation\"><span class=\"Y2IQFc\" lang=\"fr\">M\u00e9moire externe : carte m\u00e9moire SD, SD-HC ou MMC d&rsquo;une capacit\u00e9 allant jusqu&rsquo;\u00e0 32 GB. <\/span><\/li>\r\n \t<li class=\"tw-data-text tw-text-large tw-ta\" dir=\"ltr\" data-placeholder=\"Translation\"><span class=\"Y2IQFc\" lang=\"fr\">Enregistrement \u00e0 partir d&rsquo;un microphone int\u00e9gr\u00e9 ou d&rsquo;un microphone externe (entr\u00e9e ligne jack 3,5 mm).<\/span><\/li>\r\n \t<li class=\"tw-data-text tw-text-large tw-ta\" dir=\"ltr\" data-placeholder=\"Translation\"><span class=\"Y2IQFc\" lang=\"fr\">D\u00e9bit binaire pendant l&rsquo;enregistrement via le microphone int\u00e9gr\u00e9 : 64 kbps mono, MP3. <\/span><\/li>\r\n \t<li class=\"tw-data-text tw-text-large tw-ta\" dir=\"ltr\" data-placeholder=\"Translation\"><span class=\"Y2IQFc\" lang=\"fr\">D\u00e9bit binaire pendant l&rsquo;enregistrement via un microphone externe : 128 kbps st\u00e9r\u00e9o, MP3. <\/span><\/li>\r\n \t<li class=\"tw-data-text tw-text-large tw-ta\" dir=\"ltr\" data-placeholder=\"Translation\"><span class=\"Y2IQFc\" lang=\"fr\">Taux d&rsquo;\u00e9chantillonnage lors de l&rsquo;enregistrement : 44,1 kHz, r\u00e9solution d&rsquo;enregistrement : 16 bits. <\/span><\/li>\r\n \t<li class=\"tw-data-text tw-text-large tw-ta\" dir=\"ltr\" data-placeholder=\"Translation\"><span class=\"Y2IQFc\" lang=\"fr\">Lecture via haut-parleur int\u00e9gr\u00e9 ou casque (st\u00e9r\u00e9o) avec prise standard 3,5 mm. <\/span><\/li>\r\n \t<li class=\"tw-data-text tw-text-large tw-ta\" dir=\"ltr\" data-placeholder=\"Translation\"><span class=\"Y2IQFc\" lang=\"fr\">D\u00e9bit binaire lors de la lecture : 8 kbps \u00e0 320 kbps, ou VBR (d\u00e9bit binaire variable). <\/span><\/li>\r\n \t<li class=\"tw-data-text tw-text-large tw-ta\" dir=\"ltr\" data-placeholder=\"Translation\"><span class=\"Y2IQFc\" lang=\"fr\">Transfert de donn\u00e9es via une connexion USB haut d\u00e9bit. <\/span><\/li>\r\n \t<li class=\"tw-data-text tw-text-large tw-ta\" dir=\"ltr\" data-placeholder=\"Translation\"><span class=\"Y2IQFc\" lang=\"fr\">Batterie lithium-polym\u00e8re rechargeable int\u00e9gr\u00e9e (850 mAh) avec une autonomie allant jusqu&rsquo;\u00e0 20 heures de lecture de musique via un casque. <\/span><\/li>\r\n \t<li class=\"tw-data-text tw-text-large tw-ta\" dir=\"ltr\" data-placeholder=\"Translation\"><span class=\"Y2IQFc\" lang=\"fr\">Temps de charge maximum : 3 heures. <\/span><\/li>\r\n \t<li class=\"tw-data-text tw-text-large tw-ta\" dir=\"ltr\" data-placeholder=\"Translation\"><span class=\"Y2IQFc\" lang=\"fr\">Bo\u00eetier rouge rubis en plastique r\u00e9sistant aux chocs aux dimensions : 85 x 54 x 14 mm (3,35&Prime; x 2,13&Prime; x 0,55&Prime;).<\/span><\/li>\r\n \t<li class=\"tw-data-text tw-text-large tw-ta\" dir=\"ltr\" data-placeholder=\"Translation\"><span class=\"Y2IQFc\" lang=\"fr\">5 gros boutons tactiles sur le devant et un petit bouton sur le dessus.<\/span><\/li>\r\n \t<li class=\"tw-data-text tw-text-large tw-ta\" dir=\"ltr\" data-placeholder=\"Translation\"><span class=\"Y2IQFc\" lang=\"fr\">Poids : 52 grammes (1,8 oz).<\/span><\/li>\r\n<\/ul>","protected":false},"excerpt":{"rendered":"<h3>Milestone 212 Ace: Le joueur de livres.<\/h3>","protected":false},"featured_media":1289,"comment_status":"open","ping_status":"closed","template":"","meta":[],"product_brand":[],"product_cat":[52],"product_tag":[],"class_list":{"0":"post-1288","1":"product","2":"type-product","3":"status-publish","4":"has-post-thumbnail","6":"product_cat-vie-quotidienne","8":"first","9":"instock","10":"taxable","11":"shipping-taxable","12":"product-type-simple"},"_links":{"self":[{"href":"https:\/\/cecitech.com\/index.php?rest_route=\/wp\/v2\/product\/1288","targetHints":{"allow":["GET"]}}],"collection":[{"href":"https:\/\/cecitech.com\/index.php?rest_route=\/wp\/v2\/product"}],"about":[{"href":"https:\/\/cecitech.com\/index.php?rest_route=\/wp\/v2\/types\/product"}],"replies":[{"embeddable":true,"href":"https:\/\/cecitech.com\/index.php?rest_route=%2Fwp%2Fv2%2Fcomments&post=1288"}],"wp:featuredmedia":[{"embeddable":true,"href":"https:\/\/cecitech.com\/index.php?rest_route=\/wp\/v2\/media\/1289"}],"wp:attachment":[{"href":"https:\/\/cecitech.com\/index.php?rest_route=%2Fwp%2Fv2%2Fmedia&parent=1288"}],"wp:term":[{"taxonomy":"product_brand","embeddable":true,"href":"https:\/\/cecitech.com\/index.php?rest_route=%2Fwp%2Fv2%2Fproduct_brand&post=1288"},{"taxonomy":"product_cat","embeddable":true,"href":"https:\/\/cecitech.com\/index.php?rest_route=%2Fwp%2Fv2%2Fproduct_cat&post=1288"},{"taxonomy":"product_tag","embeddable":true,"href":"https:\/\/cecitech.com\/index.php?rest_route=%2Fwp%2Fv2%2Fproduct_tag&post=1288"}],"curies":[{"name":"wp","href":"https:\/\/api.w.org\/{rel}","templated":true}]}}