{"id":1264,"date":"2023-03-10T13:16:52","date_gmt":"2023-03-10T18:16:52","guid":{"rendered":"https:\/\/cecitech.com\/?post_type=product&#038;p=1264"},"modified":"2025-05-09T09:54:16","modified_gmt":"2025-05-09T14:54:16","slug":"taptilo-un-appareil-genial-pour-apprendre-le-braille","status":"publish","type":"product","link":"https:\/\/cecitech.com\/?product=taptilo-un-appareil-genial-pour-apprendre-le-braille","title":{"rendered":"Taptilo un appareil\u00a0g\u00e9nial pour apprendre le braille"},"content":{"rendered":"<h1 id=\"tw-target-text\" class=\"tw-data-text tw-text-large tw-ta\" dir=\"ltr\" data-placeholder=\"Translation\"><span class=\"Y2IQFc\" lang=\"fr\">C&rsquo;est une grande opportunit\u00e9! Apprendre le braille avec Taptilo.<\/span><\/h1>\r\n<h4 class=\"tw-data-text tw-text-large tw-ta\" dir=\"ltr\" data-placeholder=\"Translation\"><span class=\"Y2IQFc\" lang=\"fr\">Taptilo est un apareil braille qui<strong> va r\u00e9duire consid\u00e9rablement la dur\u00e9e moyenne d&rsquo;apprentissage<\/strong> ! La dur\u00e9e diminue de moiti\u00e9 par rapport \u00e0 la m\u00e9thode traditionnelle. Taptilo rend l<strong>&lsquo;apprentissage du braille amusant et facile<\/strong> ! Le taux d&rsquo;abandon scolaire a diminu\u00e9 de moins de 20 % ! Les d\u00e9butants en braille peuvent apprendre les motifs braille ind\u00e9pendamment gr\u00e2ce \u00e0 <strong>l&rsquo;affichage braille interactif et au retour audio<\/strong>. En plus des<strong> blocs braille g\u00e9ants<\/strong>, du<strong> guidage tactile<\/strong> et <strong>du guide audio<\/strong>, les d\u00e9butants en braille peuvent facilement suivre des programmes pr\u00e9d\u00e9finis dans Taptilo.<\/span><\/h4>\r\n\r\n<hr \/>\r\n\r\n<h1 id=\"tw-target-text\" class=\"tw-data-text tw-text-large tw-ta\" dir=\"ltr\" data-placeholder=\"Translation\"><span class=\"Y2IQFc\" lang=\"fr\">Caract\u00e9ristiques :<\/span><\/h1>\r\n<h4 class=\"tw-data-text tw-text-large tw-ta\" dir=\"ltr\" data-placeholder=\"Translation\"><span class=\"Y2IQFc\" lang=\"fr\">\u2022 <strong>Amusant et interactif\u00a0<\/strong>: les d\u00e9butants en braille peuvent apprendre le braille de mani\u00e8re amusante et facile, ainsi que des activit\u00e9s et des jeux dans Taptilo. Les d\u00e9butants en braille peuvent int\u00e9grer tous les sens pour apprendre le braille. <\/span><\/h4>\r\n<h4 class=\"tw-data-text tw-text-large tw-ta\" dir=\"ltr\" data-placeholder=\"Translation\"><span class=\"Y2IQFc\" lang=\"fr\">\u2022 <strong>Auto-apprentissage :<\/strong> Avec le mode d&rsquo;auto-apprentissage, les d\u00e9butants en braille peuvent commencer \u00e0 apprendre le braille en une seconde. Taptilo fournit du mat\u00e9riel d&rsquo;apprentissage autoguid\u00e9. <\/span><\/h4>\r\n<h4 class=\"tw-data-text tw-text-large tw-ta\" dir=\"ltr\" data-placeholder=\"Translation\"><span class=\"Y2IQFc\" lang=\"fr\">\u2022 <strong>Syst\u00e9matique :<\/strong> les d\u00e9butants en braille peuvent pratiquer la lecture, le tra\u00e7age et l&rsquo;\u00e9criture, ainsi que la dict\u00e9e de mani\u00e8re syst\u00e9matique. Taptilo comprend des points aux mots, divis\u00e9s en cat\u00e9gories. <\/span><\/h4>\r\n<h4 class=\"tw-data-text tw-text-large tw-ta\" dir=\"ltr\" data-placeholder=\"Translation\"><span class=\"Y2IQFc\" lang=\"fr\">\u2022<strong> Personnaliser\u00a0:<\/strong> vous pouvez t\u00e9l\u00e9charger leur propre liste de mots dans l&rsquo;application, en personnalisant le mat\u00e9riel d&rsquo;apprentissage. L&rsquo;application Taptilo propose \u00e9galement diverses options d&rsquo;enseignement. <\/span><\/h4>\r\n<h4 class=\"tw-data-text tw-text-large tw-ta\" dir=\"ltr\" data-placeholder=\"Translation\"><span class=\"Y2IQFc\" lang=\"fr\">\u2022 <strong>Diverses langues<\/strong> : Taptilo propose plusieurs langues (fran<\/span><span class=\"Y2IQFc\" lang=\"fr\">\u00e7<\/span><span class=\"Y2IQFc\" lang=\"fr\">ais, anglais, cor\u00e9en, arabe, espagnol, allemand et portugais). Choisissez la langue et apprenez-la de mani\u00e8re amusante et facile ! <\/span><\/h4>\r\n<h4 class=\"tw-data-text tw-text-large tw-ta\" dir=\"ltr\" data-placeholder=\"Translation\"><span class=\"Y2IQFc\" lang=\"fr\">\u2022<strong> Facile \u00e0 transporter :<\/strong> Taptilo est facile \u00e0 transporter gr\u00e2ce \u00e0 sa conception portable. En plus des fonctions d&rsquo;\u00e9conomie d&rsquo;\u00e9nergie et de la batterie rechargeable, les d\u00e9butants en braille peuvent apprendre le braille \u00e0 tout moment, n&rsquo;importe o\u00f9.<\/span><\/h4>","protected":false},"excerpt":{"rendered":"<h3 id=\"tw-target-text\" class=\"tw-data-text tw-text-large tw-ta\" dir=\"ltr\" data-placeholder=\"Translation\">Taptilo un appareil g\u00e9nial pour apprendre le braille!<\/h3>","protected":false},"featured_media":1265,"comment_status":"open","ping_status":"closed","template":"","meta":[],"product_brand":[],"product_cat":[32,30],"product_tag":[],"class_list":{"0":"post-1264","1":"product","2":"type-product","3":"status-publish","4":"has-post-thumbnail","6":"product_cat-afficheur-braille","7":"product_cat-cecite","9":"first","10":"instock","11":"taxable","12":"shipping-taxable","13":"product-type-simple"},"_links":{"self":[{"href":"https:\/\/cecitech.com\/index.php?rest_route=\/wp\/v2\/product\/1264","targetHints":{"allow":["GET"]}}],"collection":[{"href":"https:\/\/cecitech.com\/index.php?rest_route=\/wp\/v2\/product"}],"about":[{"href":"https:\/\/cecitech.com\/index.php?rest_route=\/wp\/v2\/types\/product"}],"replies":[{"embeddable":true,"href":"https:\/\/cecitech.com\/index.php?rest_route=%2Fwp%2Fv2%2Fcomments&post=1264"}],"wp:featuredmedia":[{"embeddable":true,"href":"https:\/\/cecitech.com\/index.php?rest_route=\/wp\/v2\/media\/1265"}],"wp:attachment":[{"href":"https:\/\/cecitech.com\/index.php?rest_route=%2Fwp%2Fv2%2Fmedia&parent=1264"}],"wp:term":[{"taxonomy":"product_brand","embeddable":true,"href":"https:\/\/cecitech.com\/index.php?rest_route=%2Fwp%2Fv2%2Fproduct_brand&post=1264"},{"taxonomy":"product_cat","embeddable":true,"href":"https:\/\/cecitech.com\/index.php?rest_route=%2Fwp%2Fv2%2Fproduct_cat&post=1264"},{"taxonomy":"product_tag","embeddable":true,"href":"https:\/\/cecitech.com\/index.php?rest_route=%2Fwp%2Fv2%2Fproduct_tag&post=1264"}],"curies":[{"name":"wp","href":"https:\/\/api.w.org\/{rel}","templated":true}]}}