{"id":1255,"date":"2023-03-06T05:49:25","date_gmt":"2023-03-06T10:49:25","guid":{"rendered":"https:\/\/cecitech.com\/?post_type=product&#038;p=1255"},"modified":"2023-04-26T07:35:26","modified_gmt":"2023-04-26T12:35:26","slug":"loupe-electronique-ultra-portable-explore-8","status":"publish","type":"product","link":"https:\/\/cecitech.com\/?product=loupe-electronique-ultra-portable-explore-8","title":{"rendered":"Explor\u00e9 8 Loupe \u00e9lectronique ultra-portable"},"content":{"rendered":"<h1 class=\"value\">Une loupe num\u00e9rique portable avec \u00e9cran tactile pour voir les choses en grand.<\/h1>\r\nL\u2019<strong>explor\u0113 8<\/strong> est la premi\u00e8re loupe portable num\u00e9rique \u00e0 <strong>\u00e9cran tactile de 8 pouces<\/strong> disponible pour <strong>am\u00e9liorer la vision de loin ou de proche<\/strong>. Avec un <strong>agrandissement allant jusqu&rsquo;\u00e0 30X<\/strong> et une qualit\u00e9 d&rsquo;<strong>image \u00e9poustouflante<\/strong>, vous profiterez de tous les avantages d&rsquo;un grand \u00e9cran dans un bo\u00eetier compact.\r\n\r\n<strong>L\u00e9ger et puissant<\/strong>, l\u2019<strong>explor\u0113 8<\/strong>\u00a0est id\u00e9al pour les personnes actives \u00e0 la recherche d\u2019un grand \u00e9cran et d\u2019une portabilit\u00e9 optimale dans le but de maintenir un style de vie actif. Cette loupe est dot\u00e9e de <strong>deux cam\u00e9ras de 21 m\u00e9gapixels<\/strong> : une pour la lecture de documents \u00e0 15 cm (ou moins), et une seconde pour voir clairement \u00e0 distance des \u00e9l\u00e9ments comme les panneaux de rue et les enseignes de magasins. Vous pouvez \u00e9galement y sauvegarder vos images pr\u00e9f\u00e9r\u00e9es pour les visualiser sur un grand \u00e9cran de t\u00e9l\u00e9vision.\r\n\r\nBien qu&rsquo;elle soit plus petite, plus l\u00e9g\u00e8re et plus abordable que la plupart des loupes de 7 pouces, <strong>elle offre un \u00e9cran 30 % plus grand et une qualit\u00e9 d&rsquo;image in\u00e9gal\u00e9e<\/strong>. Avec son ergonomie sup\u00e9rieure et sa capacit\u00e9 de visualisation longue distance, l&rsquo;<strong>explor\u0113 8<\/strong>\u00a0a le pouvoir de vous aider \u00e0 l&rsquo;int\u00e9rieur comme \u00e0 l&rsquo;ext\u00e9rieur.\r\n\r\n<hr \/>\r\n\r\n&nbsp;\r\n<h1>Caract\u00e9ristiques:<\/h1>\r\n<ul>\r\n \t<li>Agrandissement 2-30x avec autofocus<\/li>\r\n \t<li>Qualit\u00e9 d&rsquo;image HD<\/li>\r\n \t<li>\u00c9cran tactile LCD ISP 8\u2019\u2019 brillant avec mouvements<\/li>\r\n \t<li>2 cam\u00e9ras HD autofocus<\/li>\r\n \t<li>Support de lecture avec lumi\u00e8re DEL<\/li>\r\n \t<li>Personnalisable : Zoom pr\u00e9f\u00e9r\u00e9, lignes\/liens, taille du texte du menu, sch\u00e9mas de couleurs (17)<\/li>\r\n \t<li>35 langues disponibles<\/li>\r\n \t<li>Mode \u00e9conomie d&rsquo;\u00e9nergie\/veille<\/li>\r\n \t<li>Sortie vid\u00e9o haute r\u00e9solution<\/li>\r\n \t<li>Capacit\u00e9 de la galerie d&rsquo;images : 1000<\/li>\r\n \t<li>7 heures d&rsquo;utilisation continue (appareil uniquement)<\/li>\r\n \t<li>4,5 heures d&rsquo;utilisation continue (avec la lampe DEL du socle)<\/li>\r\n<\/ul>\r\n\r\n<hr \/>\r\n\r\n<h1>Caract\u00e9ristiques physiques:<\/h1>\r\n<ul>\r\n \t<li>Poids de l\u2019appareil : 580 g (1,30 lbs)<\/li>\r\n \t<li>Dimensions de l&rsquo;appareil (l x p x h) : 8 x 6 x 0,94 pouces \/ 204 x 153,2 x 24 mm<\/li>\r\n \t<li>Dimension de l&rsquo;\u00e9cran : 203,2 mm (8 pouces)<\/li>\r\n \t<li>Batterie non amovible<\/li>\r\n<\/ul>\r\n\r\n<hr \/>\r\n\r\n<h1>Sp\u00e9cifications techniques:<\/h1>\r\n<ul>\r\n \t<li>Agrandissement : 2x \u2013 30x<\/li>\r\n \t<li>Vision rapproch\u00e9e : 3.35 &#8211; 5.9 pouces \/ 8,5 \u2013 15 cm ; Auto-Focus fixe<\/li>\r\n \t<li>Vision de loin : 5,9 pouces \u00e0 \u221e \/ 15 cm \u00e0 \u221e ; auto\u2013focus ou auto-focus fixe<\/li>\r\n \t<li>\u00c9cran : \u00c9cran LCD ISP de 8 pouces (1280 x 800)<\/li>\r\n \t<li>Appareils photo : Deux appareils photo haute d\u00e9finition 21MP<\/li>\r\n \t<li>Compatibilit\u00e9 avec la sortie vid\u00e9o haute r\u00e9solution<\/li>\r\n \t<li>Entr\u00e9e d&rsquo;alimentation : Connecteur USB de type C, 5V@3A et Quick Charge 12V@1,5A<\/li>\r\n \t<li>Batterie : Batterie Li-Polymer non amovible 6700mAh<\/li>\r\n \t<li>Autonomie de la batterie : 4,5 \u00e0 7 heures<\/li>\r\n \t<li>Temps de charge : ~2 heures (appareil \u00e9tein<\/li>\r\n<\/ul>\r\n&nbsp;\r\n\r\n<iframe loading=\"lazy\" title=\"explor\u0113 8 - Loupe \u00e9lectronique ultra-portable\" width=\"1140\" height=\"641\" src=\"https:\/\/www.youtube.com\/embed\/rUcBF7Ky78I?feature=oembed\" frameborder=\"0\" allow=\"accelerometer; autoplay; clipboard-write; encrypted-media; gyroscope; picture-in-picture; web-share\" allowfullscreen><\/iframe>","protected":false},"excerpt":{"rendered":"<h1>Explor\u00e9 8 Loupe \u00e9lectronique ultra-portable<\/h1>\r\n<h4>Bien qu&rsquo;elle soit plus petite, plus l\u00e9g\u00e8re et plus abordable que la plupart des loupes de 7 pouces, <strong>elle offre un \u00e9cran 30 % plus grand et une qualit\u00e9 d&rsquo;image in\u00e9gal\u00e9e<\/strong>. Avec son ergonomie sup\u00e9rieure et sa capacit\u00e9 de visualisation longue distance, l&rsquo;<strong>explor\u0113 8<\/strong>\u00a0a le pouvoir de vous aider \u00e0 l&rsquo;int\u00e9rieur comme \u00e0 l&rsquo;ext\u00e9rieur.<\/h4>","protected":false},"featured_media":1256,"comment_status":"open","ping_status":"closed","template":"","meta":[],"product_brand":[],"product_cat":[33,34],"product_tag":[],"class_list":{"0":"post-1255","1":"product","2":"type-product","3":"status-publish","4":"has-post-thumbnail","6":"product_cat-basse-vision","7":"product_cat-loupes","9":"first","10":"instock","11":"taxable","12":"shipping-taxable","13":"product-type-simple"},"_links":{"self":[{"href":"https:\/\/cecitech.com\/index.php?rest_route=\/wp\/v2\/product\/1255","targetHints":{"allow":["GET"]}}],"collection":[{"href":"https:\/\/cecitech.com\/index.php?rest_route=\/wp\/v2\/product"}],"about":[{"href":"https:\/\/cecitech.com\/index.php?rest_route=\/wp\/v2\/types\/product"}],"replies":[{"embeddable":true,"href":"https:\/\/cecitech.com\/index.php?rest_route=%2Fwp%2Fv2%2Fcomments&post=1255"}],"wp:featuredmedia":[{"embeddable":true,"href":"https:\/\/cecitech.com\/index.php?rest_route=\/wp\/v2\/media\/1256"}],"wp:attachment":[{"href":"https:\/\/cecitech.com\/index.php?rest_route=%2Fwp%2Fv2%2Fmedia&parent=1255"}],"wp:term":[{"taxonomy":"product_brand","embeddable":true,"href":"https:\/\/cecitech.com\/index.php?rest_route=%2Fwp%2Fv2%2Fproduct_brand&post=1255"},{"taxonomy":"product_cat","embeddable":true,"href":"https:\/\/cecitech.com\/index.php?rest_route=%2Fwp%2Fv2%2Fproduct_cat&post=1255"},{"taxonomy":"product_tag","embeddable":true,"href":"https:\/\/cecitech.com\/index.php?rest_route=%2Fwp%2Fv2%2Fproduct_tag&post=1255"}],"curies":[{"name":"wp","href":"https:\/\/api.w.org\/{rel}","templated":true}]}}