{"id":1237,"date":"2023-03-01T09:45:04","date_gmt":"2023-03-01T14:45:04","guid":{"rendered":"https:\/\/cecitech.com\/?post_type=product&#038;p=1237"},"modified":"2023-04-23T07:59:17","modified_gmt":"2023-04-23T12:59:17","slug":"identificateur-de-couleurs-parlant-colorstar","status":"publish","type":"product","link":"https:\/\/cecitech.com\/?product=identificateur-de-couleurs-parlant-colorstar","title":{"rendered":"ColorStar Identificateur de couleurs parlant"},"content":{"rendered":"<h1>DESCRIPTION<\/h1>\r\n<h4>Le d\u00e9tecteur de couleurs ColorStar reconna\u00eet jusqu&rsquo;\u00e0 1000 nuances de couleurs, ainsi que des motifs et des contrastes, qu&rsquo;il convertit en tons musicaux. Le ColorStar peut \u00e9galement d\u00e9tecter la lumi\u00e8re et les couleurs de la lumi\u00e8re.<\/h4>\r\n<h4>Le Color-Star est une version consid\u00e9rablement am\u00e9lior\u00e9e du c\u00e9l\u00e8bre Colorino. Il est plus petit, plus l\u00e9ger et plus facile \u00e0 manipuler, a un meilleur d\u00e9bit de parole et une plus grande pr\u00e9cision de mesure.<\/h4>\r\n\r\n<hr \/>\r\n\r\n<h1>CARACTERISTIQUES<\/h1>\r\n<ul>\r\n \t<li>\r\n<h4>L\u00e9ger, petit et facile \u00e0 transporter, il peut s&#8217;emmener partout.<\/h4>\r\n<\/li>\r\n \t<li>\r\n<h4>Facile \u00e0 utiliser : il suffit de le poser sur une surface et d&rsquo;appuyer sur un bouton.<\/h4>\r\n<\/li>\r\n \t<li>\r\n<h4>Tr\u00e8s bon rendu de la parole naturelle, synth\u00e8se vocale de qualit\u00e9.<\/h4>\r\n<\/li>\r\n \t<li>\r\n<h4>Volume r\u00e9glable sur 5 niveaux.<\/h4>\r\n<\/li>\r\n \t<li>\r\n<h4>Haute pr\u00e9cision de mesure.<\/h4>\r\n<\/li>\r\n \t<li>\r\n<h4>D\u00e9tecte jusqu&rsquo;\u00e0 1000 nuances de couleurs selon le syst\u00e8me de couleurs NCS (Natural Color System).<\/h4>\r\n<\/li>\r\n \t<li>\r\n<h4>D\u00e9tecte les contrastes et les motifs (par exemple sur les v\u00eatements) qui sont reproduits avec une intensit\u00e9 et des tons sonores diff\u00e9rents.<\/h4>\r\n<\/li>\r\n \t<li>\r\n<h4>Mesure pour la premi\u00e8re fois l&rsquo;intensit\u00e9 et la couleur de la lumi\u00e8re, des mat\u00e9riaux translucides et des LED.<\/h4>\r\n<\/li>\r\n \t<li>\r\n<h4>3 modes d&rsquo;analyse de la couleur : universel, artistique, universel + artistique.<\/h4>\r\n<\/li>\r\n \t<li>\r\n<h4>R\u00e9p\u00e9tition de la couleur.<\/h4>\r\n<\/li>\r\n \t<li>\r\n<h4>Comparaison des couleurs.<\/h4>\r\n<\/li>\r\n \t<li>\r\n<h4>Possibilit\u00e9 d&rsquo;utiliser les \u00e9couteurs fournis.<\/h4>\r\n<\/li>\r\n \t<li>\r\n<h4>3 boutons seulement, avec rep\u00e8res tactiles\\<\/h4>\r\n<\/li>\r\n<\/ul>\r\n\r\n<hr \/>\r\n\r\n<h1>CARACTERISTIQUES TECHNIQUES<\/h1>\r\n<ul>\r\n \t<li>\r\n<h4>Dimensions : 90 x 28 x 18 mm.<\/h4>\r\n<\/li>\r\n \t<li>\r\n<h4>Poids : 42 grammes (batterie comprise).<\/h4>\r\n<\/li>\r\n \t<li>\r\n<h4>Alimentation \u00e9lectrique Batterie int\u00e9gr\u00e9e rechargeable au lithium polym\u00e8re 3,7V \/ 550mAh.<\/h4>\r\n<\/li>\r\n \t<li>\r\n<h4>Prise pour \u00e9couteurs 3,5 mm.<\/h4>\r\n<\/li>\r\n \t<li>\r\n<h4>Plage de fonctionnement 0\u00b0 &#8211; 40\u00b0 Celsius.<\/h4>\r\n<\/li>\r\n \t<li>\r\n<h4>Connexion USB Interface micro USB.<\/h4>\r\n<\/li>\r\n<\/ul>\r\n<h3>Fichier disponible:\u00a0<span style=\"color: #0000ff;\"> <a style=\"color: #0000ff;\" href=\"http:\/\/cecitech.com\/wp-content\/uploads\/2023\/03\/Identificateur-de-couleurs-parlant-ColorStar.pdf\">Identificateur de couleurs parlant ColorStar<\/a><\/span><\/h3>\r\n\r\n<hr \/>\r\n\r\n<iframe loading=\"lazy\" title=\"ColorStar - D\u00e9tecteur de Couleurs Parlant\" width=\"1140\" height=\"641\" src=\"https:\/\/www.youtube.com\/embed\/tGEl3wmBHmI?feature=oembed\" frameborder=\"0\" allow=\"accelerometer; autoplay; clipboard-write; encrypted-media; gyroscope; picture-in-picture; web-share\" allowfullscreen><\/iframe>","protected":false},"excerpt":{"rendered":"<h1>ColorStar Identificateur de couleurs parlant<\/h1>\r\n<h3>Le ColorStar est une version consid\u00e9rablement am\u00e9lior\u00e9e du c\u00e9l\u00e8bre Colorino. Il est plus petit, plus l\u00e9ger et plus facile \u00e0 manipuler, a un meilleur d\u00e9bit de parole et une plus grande pr\u00e9cision de mesure.<\/h3>","protected":false},"featured_media":1238,"comment_status":"open","ping_status":"closed","template":"","meta":[],"product_brand":[],"product_cat":[52],"product_tag":[],"class_list":{"0":"post-1237","1":"product","2":"type-product","3":"status-publish","4":"has-post-thumbnail","6":"product_cat-vie-quotidienne","8":"first","9":"instock","10":"taxable","11":"shipping-taxable","12":"product-type-simple"},"_links":{"self":[{"href":"https:\/\/cecitech.com\/index.php?rest_route=\/wp\/v2\/product\/1237","targetHints":{"allow":["GET"]}}],"collection":[{"href":"https:\/\/cecitech.com\/index.php?rest_route=\/wp\/v2\/product"}],"about":[{"href":"https:\/\/cecitech.com\/index.php?rest_route=\/wp\/v2\/types\/product"}],"replies":[{"embeddable":true,"href":"https:\/\/cecitech.com\/index.php?rest_route=%2Fwp%2Fv2%2Fcomments&post=1237"}],"wp:featuredmedia":[{"embeddable":true,"href":"https:\/\/cecitech.com\/index.php?rest_route=\/wp\/v2\/media\/1238"}],"wp:attachment":[{"href":"https:\/\/cecitech.com\/index.php?rest_route=%2Fwp%2Fv2%2Fmedia&parent=1237"}],"wp:term":[{"taxonomy":"product_brand","embeddable":true,"href":"https:\/\/cecitech.com\/index.php?rest_route=%2Fwp%2Fv2%2Fproduct_brand&post=1237"},{"taxonomy":"product_cat","embeddable":true,"href":"https:\/\/cecitech.com\/index.php?rest_route=%2Fwp%2Fv2%2Fproduct_cat&post=1237"},{"taxonomy":"product_tag","embeddable":true,"href":"https:\/\/cecitech.com\/index.php?rest_route=%2Fwp%2Fv2%2Fproduct_tag&post=1237"}],"curies":[{"name":"wp","href":"https:\/\/api.w.org\/{rel}","templated":true}]}}