{"id":1173,"date":"2023-01-23T09:45:01","date_gmt":"2023-01-23T14:45:01","guid":{"rendered":"http:\/\/cecitech.com\/?post_type=product&#038;p=1173"},"modified":"2023-04-23T07:06:36","modified_gmt":"2023-04-23T12:06:36","slug":"videoagrandisseur-parlant-et-pliable-clover-book-pro","status":"publish","type":"product","link":"https:\/\/cecitech.com\/?product=videoagrandisseur-parlant-et-pliable-clover-book-pro","title":{"rendered":"Clover Book Pro Vid\u00e9oagrandisseur parlant et pliable"},"content":{"rendered":"<h1>La Clover Book Pro est une <strong>Maxi loupe<\/strong> et un <strong>Vid\u00e9oagrandisseur parlant<\/strong>.<\/h1>\r\n<ul>\r\n \t<li>\r\n<h4><strong>Une image de Bonne qualit\u00e9e<span style=\"font-size: 16px;\">\u00a0: le\u00a0syst\u00e8me multi-cam\u00e9ras \u00e9labor\u00e9 garantit une <\/span>qualit\u00e9 d&rsquo;image sup\u00e9rieure<span style=\"font-size: 16px;\"> avec un<\/span> grossissement<span style=\"font-size: 16px;\"> continu de 1 \u00e0 60 fois et sans perte.<\/span><\/strong><\/h4>\r\n<\/li>\r\n \t<li>\r\n<h4><strong>\u00a0Bras pliable\u00a0 tr\u00e8s pratique \u00e0 transporter. Apr\u00e8s une installation rapide, il se transforme imm\u00e9diatement en un appareil de bureau avec le grand \u00e9cran et un espace de lecture et d&rsquo;\u00e9criture suffisant.<\/strong><\/h4>\r\n<\/li>\r\n \t<li>\r\n<h4><strong>La batterie Li rechargeable peut \u00eatre remplac\u00e9e en tant que module d\u00e9tachable.<\/strong><\/h4>\r\n<\/li>\r\n \t<li>\r\n<h4><strong>Fonctionnement tactile des boutons physiques et le geste de l&rsquo;\u00e9cran tactile avec retour audio et de vibration sont tous deux pris en charge, de sorte qu&rsquo;une interaction plus pratique peut \u00eatre choisie selon les pr\u00e9f\u00e9rences de l&rsquo;utilisateur.<\/strong><\/h4>\r\n<\/li>\r\n<\/ul>\r\n<h1>CARACTERISTIQUES GENERALES:<\/h1>\r\n<ul>\r\n \t<li>\r\n<h4><strong>\u00c9cran de 12,5\u2019\u2019 tactile, haute r\u00e9solution (1920 * 1080).<\/strong><\/h4>\r\n<\/li>\r\n \t<li>\r\n<h4><strong>Cam\u00e9ra Ultra HD 3840 * 2160<\/strong><\/h4>\r\n<\/li>\r\n \t<li>\r\n<h4><strong>Grossissement (1x \u00e0 60x).<\/strong><\/h4>\r\n<\/li>\r\n \t<li>\r\n<h4><strong>Mode couleur r\u00e9elle, 16 modes \u00e0 forts contraste compl\u00e9mentaires.<\/strong><\/h4>\r\n<\/li>\r\n \t<li>\r\n<h4><strong>Joystick de d\u00e9placement dans l&rsquo;image.<\/strong><\/h4>\r\n<\/li>\r\n \t<li>\r\n<h4><strong>Lignage\/ masque, fen\u00eatrage ajustables.<\/strong><\/h4>\r\n<\/li>\r\n \t<li>\r\n<h4><strong>Fonction de relocalisation \/ recherche de texte.<\/strong><\/h4>\r\n<\/li>\r\n \t<li>\r\n<h4><strong>Contraste\/luminosit\u00e9 ajustables.<\/strong><\/h4>\r\n<\/li>\r\n \t<li>\r\n<h4><strong>\u00c9clairage \u00e0 LED (ON, OFF).<\/strong><\/h4>\r\n<\/li>\r\n \t<li>\r\n<h4><strong>Gel d\u2019image et m\u00e9morisation.<\/strong><\/h4>\r\n<\/li>\r\n \t<li>\r\n<h4><strong>Panoramique en direct : figer \/ recadrer l&rsquo;image stock\u00e9e.<\/strong><\/h4>\r\n<\/li>\r\n \t<li>\r\n<h4><strong>M\u00e9moire automatique : sauvegarde des r\u00e9glages du dernier utilisateur.<\/strong><\/h4>\r\n<\/li>\r\n \t<li>\r\n<h4><strong>Autonomie de la batterie\u00a0 : 4h-5h.<\/strong><\/h4>\r\n<\/li>\r\n \t<li>\r\n<h4><strong>\u00c9cran tactile.<\/strong><\/h4>\r\n<\/li>\r\n \t<li>\r\n<h4><strong>Cam\u00e9ra vue distante int\u00e9gr\u00e9e.<\/strong><\/h4>\r\n<\/li>\r\n \t<li>\r\n<h4><strong>OCR &#8211; lecture vocale.<\/strong><\/h4>\r\n<\/li>\r\n \t<li>\r\n<h4><strong>\u00c9cran partag\u00e9 virtuel\u00a0(non physique).<\/strong><\/h4>\r\n<\/li>\r\n \t<li>\r\n<h4><strong>Connexion HDMI.<\/strong><\/h4>\r\n<\/li>\r\n \t<li>\r\n<h4><strong>\u00c9cran partag\u00e9 virtuel + \u00e9cran physique d\u00e9port\u00e9 (avec le mod\u00e8le TWIN).<\/strong><\/h4>\r\n<\/li>\r\n<\/ul>\r\n<h1>CARACTERISTIQUES TECHNIQUES DES CLOVER BOOK<\/h1>\r\n<ul>\r\n \t<li>\r\n<h4><strong>Tablette 12,5\u00a0\u00bb<\/strong><\/h4>\r\n<\/li>\r\n \t<li>\r\n<h4><strong>\u00c9cran tactile selon mod\u00e8le.<\/strong><\/h4>\r\n<\/li>\r\n \t<li>\r\n<h4><strong>R\u00e9solution : 1920 x 1080.<\/strong><\/h4>\r\n<\/li>\r\n \t<li>\r\n<h4><strong>Cam\u00e9ra autofocus ultra HD 4k.<\/strong><\/h4>\r\n<\/li>\r\n \t<li>\r\n<h4><strong>R\u00e9solution vid\u00e9o : 3840 x 2160.<\/strong><\/h4>\r\n<\/li>\r\n \t<li>\r\n<h4><strong>Agrandissement :<\/strong><\/h4>\r\n<h4><strong>&#8211; Vue de pr\u00e8s : 1x-60x<\/strong><\/h4>\r\n<h4><strong>&#8211; vue distante (si disponible) : jusqu&rsquo;\u00e0 18x \u00e0 5 m\u00e8tres de la cam\u00e9ra vue \u00e0 distance.<\/strong><\/h4>\r\n<\/li>\r\n \t<li>\r\n<h4><strong>Couleurs vraies + 16 modes de couleurs renforc\u00e9es.<\/strong><\/h4>\r\n<\/li>\r\n \t<li>\r\n<h4><strong>Luminosit\u00e9 LCD r\u00e9glable.<\/strong><\/h4>\r\n<\/li>\r\n \t<li>\r\n<h4><strong>Contraste r\u00e9glable en mode couleurs renforc\u00e9es.<\/strong><\/h4>\r\n<\/li>\r\n \t<li>\r\n<h4><strong>Vue de pr\u00e8s, Vue \u00e0 distance (selojn mod\u00e8le), Vue miroir.<\/strong><\/h4>\r\n<\/li>\r\n \t<li>\r\n<h4><strong>\u00c9cran partag\u00e9 :<\/strong><\/h4>\r\n<h4><strong>&#8211; \u00c9cran partag\u00e9 horizontal \/ vertical virtuels (selon mod\u00e8le)<\/strong><\/h4>\r\n<h4><strong>&#8211; \u00c9cran partag\u00e9 physique avec \u00e9cran externe connect\u00e9 (selon mod\u00e8le)<\/strong><\/h4>\r\n<\/li>\r\n \t<li>\r\n<h4><strong>Stockage et lecture d&rsquo;image.<\/strong><\/h4>\r\n<\/li>\r\n \t<li>\r\n<h4><strong>Capacit\u00e9 de stockage : environ\u00a0 4Go.<\/strong><\/h4>\r\n<\/li>\r\n \t<li>\r\n<h4><strong>Pack batterie Li rechargeable et d\u00e9tachable.<\/strong><\/h4>\r\n<\/li>\r\n \t<li>\r\n<h4><strong>Input: 110-240V ; Output: 12V\/3A.<\/strong><\/h4>\r\n<\/li>\r\n \t<li>\r\n<h4><strong>Dimensions pli\u00e9es :\u00a0378 x 262 x 40 mm.<\/strong><\/h4>\r\n<\/li>\r\n \t<li>\r\n<h4><strong>Dimensions d\u00e9pli\u00e9es :\u00a0378 x 262 x 258 mm.<\/strong><\/h4>\r\n<\/li>\r\n \t<li>\r\n<h4><strong>Poids : 2,4 kg avec batteries.<\/strong><\/h4>\r\n<\/li>\r\n \t<li>\r\n<h4><strong>Certifications :\u00a0CE, FCC, RoHS.<\/strong><\/h4>\r\n<\/li>\r\n<\/ul>\r\n<h3>Guide disponible:<span style=\"color: #3366ff;\"> <a style=\"color: #3366ff;\" href=\"http:\/\/cecitech.com\/wp-content\/uploads\/2023\/01\/Teleagrandisseur-pliable-Clover-Book.pdf\">T\u00e9l\u00e9agrandisseur pliable Clover Book<\/a><\/span><\/h3>\r\n\r\n<hr \/>\r\n\r\n<iframe loading=\"lazy\" title=\"Le champion des t\u00e9l\u00e9agrandisseurs pliables, le Clover Book\" width=\"1140\" height=\"641\" src=\"https:\/\/www.youtube.com\/embed\/uUBltN2BNio?feature=oembed\" frameborder=\"0\" allow=\"accelerometer; autoplay; clipboard-write; encrypted-media; gyroscope; picture-in-picture; web-share\" allowfullscreen><\/iframe>\r\n\r\n&nbsp;","protected":false},"excerpt":{"rendered":"<h1>Clover Book Pro Vid\u00e9oagrandisseur parlant et pliable<\/h1>\r\n<strong>Le Clover Book pro est une maxi-loupe\/ un mini-vid\u00e9oagrandisseur qui offre dans un \u00e9cran 12,5\u00a0\u00bb une plage d&rsquo;agrandissement de 1x-60x en vision de pr\u00e8s, et de 1x-18x \u00e0 5m en vision de loin.<\/strong>","protected":false},"featured_media":1167,"comment_status":"open","ping_status":"closed","template":"","meta":[],"product_brand":[],"product_cat":[33,38],"product_tag":[],"class_list":{"0":"post-1173","1":"product","2":"type-product","3":"status-publish","4":"has-post-thumbnail","6":"product_cat-basse-vision","7":"product_cat-teleagrandisseurs","9":"first","10":"instock","11":"taxable","12":"shipping-taxable","13":"product-type-simple"},"_links":{"self":[{"href":"https:\/\/cecitech.com\/index.php?rest_route=\/wp\/v2\/product\/1173","targetHints":{"allow":["GET"]}}],"collection":[{"href":"https:\/\/cecitech.com\/index.php?rest_route=\/wp\/v2\/product"}],"about":[{"href":"https:\/\/cecitech.com\/index.php?rest_route=\/wp\/v2\/types\/product"}],"replies":[{"embeddable":true,"href":"https:\/\/cecitech.com\/index.php?rest_route=%2Fwp%2Fv2%2Fcomments&post=1173"}],"wp:featuredmedia":[{"embeddable":true,"href":"https:\/\/cecitech.com\/index.php?rest_route=\/wp\/v2\/media\/1167"}],"wp:attachment":[{"href":"https:\/\/cecitech.com\/index.php?rest_route=%2Fwp%2Fv2%2Fmedia&parent=1173"}],"wp:term":[{"taxonomy":"product_brand","embeddable":true,"href":"https:\/\/cecitech.com\/index.php?rest_route=%2Fwp%2Fv2%2Fproduct_brand&post=1173"},{"taxonomy":"product_cat","embeddable":true,"href":"https:\/\/cecitech.com\/index.php?rest_route=%2Fwp%2Fv2%2Fproduct_cat&post=1173"},{"taxonomy":"product_tag","embeddable":true,"href":"https:\/\/cecitech.com\/index.php?rest_route=%2Fwp%2Fv2%2Fproduct_tag&post=1173"}],"curies":[{"name":"wp","href":"https:\/\/api.w.org\/{rel}","templated":true}]}}