{"id":1011,"date":"2018-02-07T11:38:07","date_gmt":"2018-02-07T16:38:07","guid":{"rendered":"http:\/\/cecitech.com\/?post_type=product&#038;p=1011"},"modified":"2023-05-09T08:00:52","modified_gmt":"2023-05-09T13:00:52","slug":"piaf","status":"publish","type":"product","link":"https:\/\/cecitech.com\/?product=piaf","title":{"rendered":"PIAF par Harpo imprimante Braille"},"content":{"rendered":"<h1>Fonctionnalit\u00e9s<\/h1>\r\nLe four PIAF, fabriqu\u00e9 par\u00a0<strong>Harpo<\/strong>,\u00a0vous permet de marquer en relief vos graphismes et d&rsquo;obtenir des documents parfaitement adapt\u00e9s \u00e0 une lecture tactile.\r\n\r\nGr\u00e2ce \u00e0 un papier sp\u00e9cial r\u00e9actif \u00e0 la chaleur, PIAF peut ainsi\u00a0<strong>produire des graphiques en relief de haute qualit\u00e9<\/strong>.\r\n\r\nIl s&rsquo;av\u00e8re donc \u00eatre l&rsquo;outil id\u00e9al pour les aveugles ou malvoyants. Gr\u00e2ce \u00e0 ce proc\u00e9d\u00e9 unique, les lignes noires, lettres et autres formes, qu&rsquo;elles soient dessin\u00e9es, imprim\u00e9es ou copi\u00e9es sur le papier, sont imm\u00e9diatement transform\u00e9es en relief.\r\n\r\n<hr \/>\r\n\r\n<h1>Utilisation<\/h1>\r\n<h4><strong>PIAF peut \u00eatre utilis\u00e9 dans une grande vari\u00e9t\u00e9 de domaines<\/strong>\u00a0dont :<\/h4>\r\n<ul>\r\n \t<li>\r\n<h3><strong>L&rsquo;\u00e9ducation<\/strong>\u00a0:<\/h3>\r\n<\/li>\r\n<\/ul>\r\nEn primaire, les \u00e9l\u00e8ves peuvent ainsi apprendre \u00e0 reconna\u00eetre des formes basiques ou s&rsquo;initier au dessin ou \u00e0 l&rsquo;\u00e9criture manuscrite. Dans le secondaire et le sup\u00e9rieur, PIAF peut \u00eatre utilis\u00e9 pour acc\u00e9der \u00e0 toutes sortes d&rsquo;informations graphiques quelle que soit la mati\u00e8re, et plus particuli\u00e8rement les sciences et les math\u00e9matiques. Il est aussi possible de produire des cartes g\u00e9ographiques ou plans divers con\u00e7us pour l&rsquo;apprentissage de l&rsquo;autonomie ou l&rsquo;orientation des \u00e9tudiants dans les cit\u00e9s universitaires.\r\n\r\n<hr \/>\r\n\r\n<ul>\r\n \t<li>\r\n<h3><strong>La maison :<\/strong><\/h3>\r\n<\/li>\r\n<\/ul>\r\nPIAF peut \u00eatre utilis\u00e9 pour rendre un \u00e9chiquier accessible, traduire des images pour comprendre par exemple la diff\u00e9rence entre un l\u00e9opard et une girafe, explorer des cartes g\u00e9ographiques afin de situer les pays les uns par rapport aux autres&#8230;\r\n\r\n<hr \/>\r\n\r\n<h1>Caract\u00e9ristiques principales<\/h1>\r\n<ul>\r\n \t<li>Epaisseur des traits strictement respect\u00e9e.<\/li>\r\n \t<li>A-plats r\u00e9guliers, avec diff\u00e9rents niveaux de relief.<\/li>\r\n \t<li>Trames fines et discr\u00e8tes pour particulariser les surfaces.<\/li>\r\n<\/ul>\r\n\r\n<hr \/>\r\n\r\n&nbsp;\r\n<h1>Caract\u00e9ristiques techniques<\/h1>\r\n<ul>\r\n \t<li>Format de papier : depuis le A5 jusqu&rsquo;au A3.<\/li>\r\n \t<li>R\u00e9sistance : papier tr\u00e8s solide gr\u00e2ce au pelliculage plastique.<\/li>\r\n \t<li>Relief : pris dans le papier ; ne peut \u00eatre arrach\u00e9, inusable.<\/li>\r\n \t<li>Vitesse : 10 secondes pour une feuille A4.<\/li>\r\n \t<li>Indicateur audio : un bip vous avertit lorsque vous devez ins\u00e9rer la prochaine feuille.<\/li>\r\n \t<li>R\u00e9glage pr\u00e9cis de la gestion de la temp\u00e9rature.<\/li>\r\n \t<li>Coupe-circuit en cas de surchauffe.<\/li>\r\n \t<li>Mise en veille automatique pour prolonger la dur\u00e9e de vie de la lampe.<\/li>\r\n \t<li>Basse consommation d&rsquo;\u00e9nergie.<\/li>\r\n \t<li>Appareil tr\u00e8s silencieux.<\/li>\r\n \t<li>Garantie : 1 an.<\/li>\r\n<\/ul>\r\n&nbsp;\r\n<h3>Vid\u00e9os de pr\u00e9sentation (en anglais)<\/h3>\r\n<h3><iframe loading=\"lazy\" src=\"https:\/\/www.youtube.com\/embed\/dvtdReQ6JaI\" width=\"361\" height=\"300\" frameborder=\"0\" allowfullscreen=\"allowfullscreen\"><\/iframe><\/h3>\r\n<iframe loading=\"lazy\" src=\"https:\/\/www.youtube.com\/embed\/Xa7cKxSk584\" width=\"361\" height=\"300\" frameborder=\"0\" allowfullscreen=\"allowfullscreen\"><\/iframe>","protected":false},"excerpt":{"rendered":"<h3>Le four PIAF vous permet de marquer en relief vos graphismes et d&rsquo;obtenir des documents parfaitement adapt\u00e9s \u00e0 une lecture tactile.<\/h3>","protected":false},"featured_media":1012,"comment_status":"open","ping_status":"closed","template":"","meta":[],"product_brand":[],"product_cat":[30,36],"product_tag":[],"class_list":{"0":"post-1011","1":"product","2":"type-product","3":"status-publish","4":"has-post-thumbnail","6":"product_cat-cecite","7":"product_cat-imprimantes-braille","9":"first","10":"instock","11":"taxable","12":"shipping-taxable","13":"product-type-simple"},"_links":{"self":[{"href":"https:\/\/cecitech.com\/index.php?rest_route=\/wp\/v2\/product\/1011","targetHints":{"allow":["GET"]}}],"collection":[{"href":"https:\/\/cecitech.com\/index.php?rest_route=\/wp\/v2\/product"}],"about":[{"href":"https:\/\/cecitech.com\/index.php?rest_route=\/wp\/v2\/types\/product"}],"replies":[{"embeddable":true,"href":"https:\/\/cecitech.com\/index.php?rest_route=%2Fwp%2Fv2%2Fcomments&post=1011"}],"wp:featuredmedia":[{"embeddable":true,"href":"https:\/\/cecitech.com\/index.php?rest_route=\/wp\/v2\/media\/1012"}],"wp:attachment":[{"href":"https:\/\/cecitech.com\/index.php?rest_route=%2Fwp%2Fv2%2Fmedia&parent=1011"}],"wp:term":[{"taxonomy":"product_brand","embeddable":true,"href":"https:\/\/cecitech.com\/index.php?rest_route=%2Fwp%2Fv2%2Fproduct_brand&post=1011"},{"taxonomy":"product_cat","embeddable":true,"href":"https:\/\/cecitech.com\/index.php?rest_route=%2Fwp%2Fv2%2Fproduct_cat&post=1011"},{"taxonomy":"product_tag","embeddable":true,"href":"https:\/\/cecitech.com\/index.php?rest_route=%2Fwp%2Fv2%2Fproduct_tag&post=1011"}],"curies":[{"name":"wp","href":"https:\/\/api.w.org\/{rel}","templated":true}]}}