{"id":101,"date":"2016-11-02T05:26:38","date_gmt":"2016-11-02T01:26:38","guid":{"rendered":"http:\/\/cecitech.com\/wp\/?post_type=product&#038;p=101"},"modified":"2024-05-22T10:53:32","modified_gmt":"2024-05-22T15:53:32","slug":"dancing-dots","status":"publish","type":"product","link":"https:\/\/cecitech.com\/?product=dancing-dots","title":{"rendered":"Dancing Dots"},"content":{"rendered":"<p class=\"sttl\">D\u00e9veloppement et adaptation technologiques depuis 1992 au b\u00e9n\u00e9fice des musiciens aveugles et leurs enseignants. Scanner des partitions imprim\u00e9es, \u00e9couter les r\u00e9sultats ou les convertir en notation musicale Braille. Utiliser le PC pour \u00e9diter vos id\u00e9es musicales. Convertir en partition musicale imprim\u00e9e ou Braille, cr\u00e9er des CDs audio. Publie\/distribue des cours de musique en braille et d&rsquo;autres ressources \u00e9ducatives. \u00c9diteur de notation musicale accessible maintenant \u00e9galement disponible en allemand et en espagnol. Tous les autres logiciels en anglais.<\/p>\r\n&nbsp;","protected":false},"excerpt":{"rendered":"<h3>Dancing Dots est le cr\u00e9ateur de traducteur de musique en Braille. Il sert les musiciens aveugles et leurs \u00e9ducateurs gr\u00e2ce \u00e0 la technologie et la formation.<\/h3>","protected":false},"featured_media":104,"comment_status":"closed","ping_status":"closed","template":"","meta":[],"product_brand":[],"product_cat":[30,31],"product_tag":[],"class_list":{"0":"post-101","1":"product","2":"type-product","3":"status-publish","4":"has-post-thumbnail","6":"product_cat-cecite","7":"product_cat-logiciels-cecite","9":"first","10":"instock","11":"taxable","12":"shipping-taxable","13":"product-type-simple"},"_links":{"self":[{"href":"https:\/\/cecitech.com\/index.php?rest_route=\/wp\/v2\/product\/101","targetHints":{"allow":["GET"]}}],"collection":[{"href":"https:\/\/cecitech.com\/index.php?rest_route=\/wp\/v2\/product"}],"about":[{"href":"https:\/\/cecitech.com\/index.php?rest_route=\/wp\/v2\/types\/product"}],"replies":[{"embeddable":true,"href":"https:\/\/cecitech.com\/index.php?rest_route=%2Fwp%2Fv2%2Fcomments&post=101"}],"wp:featuredmedia":[{"embeddable":true,"href":"https:\/\/cecitech.com\/index.php?rest_route=\/wp\/v2\/media\/104"}],"wp:attachment":[{"href":"https:\/\/cecitech.com\/index.php?rest_route=%2Fwp%2Fv2%2Fmedia&parent=101"}],"wp:term":[{"taxonomy":"product_brand","embeddable":true,"href":"https:\/\/cecitech.com\/index.php?rest_route=%2Fwp%2Fv2%2Fproduct_brand&post=101"},{"taxonomy":"product_cat","embeddable":true,"href":"https:\/\/cecitech.com\/index.php?rest_route=%2Fwp%2Fv2%2Fproduct_cat&post=101"},{"taxonomy":"product_tag","embeddable":true,"href":"https:\/\/cecitech.com\/index.php?rest_route=%2Fwp%2Fv2%2Fproduct_tag&post=101"}],"curies":[{"name":"wp","href":"https:\/\/api.w.org\/{rel}","templated":true}]}}